NOAA-Style Climate Reports


Select a Year or Month report
2019: jan fév mar avr mai jui jui aoû sep oct nov déc
2018: jan fév mar avr mai jui jui aoû sep oct nov déc
2017: jan fév mar avr mai jui jui aoû sep oct nov déc
2016: jan fév mar avr mai jui jui aoû sep oct nov déc
2015: jan fév mar avr mai jui jui aoû sep oct nov déc
2014: jan fév mar avr mai jui jui aoû sep oct nov déc
2013: jan fév mar avr mai jui jui aoû sep oct nov déc

Report for 2018 mai
                   Monthly Climatological Summary for mai 2018

Name: Achiet le grand   City: Pas de Calais   State: France
Elevation: 124 m  Lat: N 50° 07' 53"   Lon: E 002° 47' 00"

                  Temperature (°C), Rain (mm), Wind Speed (km/h)

                                      Heat  Cool        Avg
    Mean                              Deg   Deg         Wind                 Dom
Day Temp  High   Time   Low    Time   Days  Days  Rain  Speed High   Time    Dir
----------------------------------------------------------------------------------
 1   8,4  13,8   14:27   4,3   02:38   9,9   0,0   0,2   3,7  21,0   00:09   WSW
 2   9,7  15,6   15:00   3,2   05:44   8,6   0,0   0,6   4,0  27,0   12:16   SSW
 3  11,1  18,1   16:34   5,3   03:42   7,2   0,0   0,0   2,9  18,0   17:14     N
 4  12,0  19,7   16:32   4,4   06:37   6,4   0,1   0,0   3,3  21,0   19:54   NNE
 5  15,1  23,6   17:32   7,1   06:26   4,4   1,2   0,0   4,1  29,0   12:52   NNE
 6  18,8  27,7   16:59  10,1   06:16   2,6   3,1   0,0   2,9  16,0   13:45   NNE
 7  20,2  27,7   16:37  11,4   06:47   1,6   3,5   0,0   1,8  16,0   15:22   ENE
 8  20,3  28,7   17:31  12,6   06:34   1,6   3,6   0,0   2,5  23,0   20:30    NW
 9  15,3  22,1   16:20  10,6   23:57   3,7   0,6   0,0   4,8  18,0   17:44   WNW
10  12,1  16,4   14:16   8,4   06:21   6,2   0,0   0,0   5,4  32,0   13:46   WNW
11  13,9  20,8   17:31   5,7   04:44   4,8   0,4   0,0   2,9  26,0   14:55    SE
12  16,6  24,2   14:42  11,2   23:56   2,9   1,3  10,4   3,6  35,0   19:45     S
13  11,3  13,8   16:11   9,2   06:02   7,0   0,0   1,8   4,8  26,0   03:09   WNW
14  11,0  12,7   16:21   8,9   02:31   7,3   0,0   0,0   7,5  35,0   09:33   NNW
15  12,3  18,5   17:26   9,3   05:45   6,0   0,0   0,0   5,6  21,0   00:35   NNW
16  12,6  18,9   12:38   8,8   03:45   5,7   0,0   0,0   7,2  35,0   22:06     N
17  11,6  17,1   15:26   7,3   23:54   6,7   0,0   0,0   7,1  27,0   00:28   NNE
18  10,7  18,3   16:15   4,7   05:44   7,6   0,0   0,0   4,6  21,0   09:18   NNE
19  10,5  17,1   15:46   4,6   05:57   7,8   0,0   0,0   4,1  19,0   11:50   NNE
20  14,3  22,7   17:14   7,4   02:38   4,9   0,9   0,0   3,9  19,0   08:00   NNE
21  17,3  24,7   17:44  12,3   01:51   2,3   1,3   0,2   3,0  23,0   15:08   NNE
22  16,6  25,3   13:34  10,8   06:05   2,8   1,1  24,0   2,2  23,0   16:11   NNW
23  14,3  20,7   19:36  10,5   04:15   4,3   0,3   2,8   4,1  24,0   19:50   NNW
24  17,0  22,8   19:10  13,7   00:00   2,2   0,9   0,4   1,6  18,0   20:30   NNE
25  16,9  24,9   17:02  10,7   05:38   3,1   1,7   0,2   1,7  13,0   23:07     N
26  20,8  28,7   16:27  14,8   05:53   1,1   3,7   6,0   3,9  31,0   15:16   ENE
27  23,5  29,6   19:00  17,2   05:25   0,1   5,3   0,0   2,5  14,0   11:55   SSE
28  22,0  28,2   17:14  16,7   06:28   0,3   3,9  14,4   2,9  26,0   23:47   NNE
29  18,7  22,4   13:39  15,8   06:05   0,6   1,1  14,4   2,0  19,0   00:03    NE
30  20,1  25,0   18:06  15,2   06:00   0,9   2,6   0,0   1,8  16,0   13:21     S
31  20,2  27,7   17:58  15,8   23:58   0,7   2,6  34,4   2,5  27,0   20:15   ESE
----------------------------------------------------------------------------------
    15,3  29,6    27     3,2     2   131,3  39,2 109,8   3,7  35,0    12       N

Max >=  27,0:  7
Max <=   0,0:  0
Min <=   0,0:  0
Min <= -18,0:  0
Max Rain: 34,4 on day 31
Days of Rain: 13 (>= 0,2 mm)  7 (>= 2,0 mm)  2 (>= 20,0 mm)
Heat Base: 18,3  Cool Base: 18,3  Method: Integration