NOAA-Style Climate Reports


Select a Year or Month report
2019: jan fév mar avr mai jui jui aoû sep oct nov déc
2018: jan fév mar avr mai jui jui aoû sep oct nov déc
2017: jan fév mar avr mai jui jui aoû sep oct nov déc
2016: jan fév mar avr mai jui jui aoû sep oct nov déc
2015: jan fév mar avr mai jui jui aoû sep oct nov déc
2014: jan fév mar avr mai jui jui aoû sep oct nov déc
2013: jan fév mar avr mai jui jui aoû sep oct nov déc

Report for 2018 mars
                   Monthly Climatological Summary for mars 2018

Name: Achiet le grand   City: Pas de Calais   State: France
Elevation: 124 m  Lat: N 50° 07' 53"   Lon: E 002° 47' 00"

                  Temperature (°C), Rain (mm), Wind Speed (km/h)

                                      Heat  Cool        Avg
    Mean                              Deg   Deg         Wind                 Dom
Day Temp  High   Time   Low    Time   Days  Days  Rain  Speed High   Time    Dir
----------------------------------------------------------------------------------
 1  -2,9   0,7   18:55  -6,0   04:25  21,2   0,0   0,0   8,3  34,0   05:10   ENE
 2   0,0   1,4   21:00  -1,6   12:10  18,3   0,0   0,8   4,3  26,0   07:55     E
 3   2,0   6,7   13:00  -2,0   07:50  16,3   0,0   0,4   3,3  19,0   22:05    SE
 4   3,4   5,8   15:20   1,1   06:50  14,9   0,0   4,4   2,3  15,0   10:10   SSE
 5   5,8  11,4   15:00   1,6   06:00  12,5   0,0   0,4   2,6  18,0   12:50   SSE
 6   6,2  10,6   12:15   2,3   06:35  12,1   0,0   0,0   1,9  15,0   14:00   SSE
 7   4,9   7,6   16:15   2,5   23:55  13,4   0,0   4,6   3,1  31,0   15:50     W
 8   4,6   8,3   16:30   1,3   01:05  13,7   0,0   4,4   4,2  40,0   16:20    SW
 9   6,1   8,9   15:15   1,7   01:10  12,2   0,0   2,0   3,6  21,0   15:35   SSE
10  10,7  13,0   17:15   8,7   00:00   7,6   0,0   4,2   3,3  21,0   10:10   SSE
11  11,8  16,6   15:50   9,3   07:40   6,5   0,0  12,6   3,1  19,0   11:25   SSE
12   8,9  11,4   12:05   7,6   23:55   9,4   0,0   4,8   6,5  35,0   11:25   SSW
13   6,6   8,3   17:45   4,9   09:45  11,7   0,0   2,2   5,1  26,0   03:20    NW
14   7,6  12,8   14:45   2,3   05:10  10,7   0,0   0,0   5,6  31,0   23:25    SE
15   7,8   9,2   16:15   6,5   23:55  10,5   0,0   0,6   6,9  29,0   04:55    SE
16   8,8  14,0   15:30   6,1   23:20   9,5   0,0   0,4   1,3  13,0   11:20     S
17   0,9   6,6   01:00  -2,0   21:30  17,4   0,0   0,0   5,2  29,0   12:55   NNE
18  -1,5   0,3   11:05  -2,6   04:25  19,8   0,0   0,0   5,6  32,0   04:45    NE
19  -0,3   2,3   16:25  -1,6   00:00  18,6   0,0   0,0   4,0  26,0   14:05    NE
20   2,0   8,1   14:45  -3,1   05:15  16,2   0,0   0,0   6,0  34,0   14:25   NNE
21   3,2   7,7   15:50  -0,9   05:30  15,1   0,0   0,2   2,6  16,0   21:25   NNW
22   4,3   7,2   15:55   1,2   01:15  14,0   0,0   0,6   4,5  26,0   10:15   WNW
23   4,6   5,6   16:25   2,8   00:00  13,7   0,0   0,0   3,5  26,0   13:30   SSE
24   7,7  12,8   15:35   3,7   06:55  10,6   0,0   0,0   3,2  18,0   13:05   ESE
25   7,7  13,6   15:55   3,3   05:25  10,6   0,0   0,0   2,8  18,0   13:05     N
26   7,7  12,6   13:10   4,7   07:20  10,6   0,0   0,0   2,4  14,0   14:40    NW
27   6,3  10,1   17:45   3,1   05:35  12,0   0,0   3,0   4,0  31,0   18:30    SW
28   6,4  11,0   15:10   3,6   23:50  11,9   0,0   4,0   5,5  40,0   15:55     W
29   5,8  10,8   16:10   1,8   07:40  12,5   0,0   4,2   3,5  27,0   13:05     S
30   6,3  11,3   14:23   3,8   03:28  11,9   0,0   1,6   5,1  31,0   14:49    SE
31   6,8  11,1   17:24   4,0   07:38  11,5   0,0   0,0   2,8  19,0   15:09    SW
----------------------------------------------------------------------------------
     5,2  16,6    11    -6,0     1   406,9   0,0  55,4   4,1  40,0     8      SE

Max >=  27,0:  0
Max <=   0,0:  0
Min <=   0,0:  8
Min <= -18,0:  0
Max Rain: 12,6 on day 11
Days of Rain: 19 (>= 0,2 mm)  11 (>= 2,0 mm)  0 (>= 20,0 mm)
Heat Base: 18,3  Cool Base: 18,3  Method: Integration