NOAA-Style Climate Reports


Select a Year or Month report
2019: jan fév mar avr mai jui jui aoû sep oct nov déc
2018: jan fév mar avr mai jui jui aoû sep oct nov déc
2017: jan fév mar avr mai jui jui aoû sep oct nov déc
2016: jan fév mar avr mai jui jui aoû sep oct nov déc
2015: jan fév mar avr mai jui jui aoû sep oct nov déc
2014: jan fév mar avr mai jui jui aoû sep oct nov déc
2013: jan fév mar avr mai jui jui aoû sep oct nov déc

Report for 2017 décembre
                   Monthly Climatological Summary for déc. 2017

Name: Achiet le grand   City: Pas de Calais   State: France
Elevation: 124 m  Lat: N 50° 07' 53"   Lon: E 002° 47' 00"

                  Temperature (°C), Rain (mm), Wind Speed (km/h)

                                      Heat  Cool        Avg
    Mean                              Deg   Deg         Wind                 Dom
Day Temp  High   Time   Low    Time   Days  Days  Rain  Speed High   Time    Dir
----------------------------------------------------------------------------------
 1   0,9   2,1   15:35  -0,2   23:20  17,4   0,0   2,8   0,9  17,7   03:10   NNW
 2  -2,1  -0,2   00:05  -3,2   09:15  20,4   0,0   0,2   0,3  11,3   23:59   SSW
 3   0,3   3,7   23:59  -2,8   00:05  18,1   0,0   0,4   0,5  11,3   00:20   WSW
 4   4,4   6,5   13:50   1,7   23:45  13,9   0,0   0,2   0,0  12,9   14:25   WNW
 5   4,6   6,3   15:05   1,8   00:05  13,8   0,0   0,0   0,0   8,0   13:00    SW
 6   5,9   7,7   14:40   4,4   23:59  12,4   0,0   0,0   0,4  17,7   22:25   SSW
 7   4,1   7,9   19:45   2,1   03:30  14,2   0,0   2,2   3,6  32,2   10:20    NW
 8   2,2   5,3   00:05   0,1   23:59  16,2   0,0   1,0   2,8  30,6   14:35   WNW
 9   0,3   3,7   13:35  -2,8   08:50  18,0   0,0   0,8   0,6  14,5   00:10   SSE
10   3,4   8,3   15:40   0,1   08:05  14,9   0,0  13,0   5,1  46,7   16:00   SSW
11   3,1   6,1   14:10   0,1   17:20  15,3   0,0   8,0   2,2  33,8   19:25   NNW
12   1,8   5,1   14:45   0,4   06:55  16,5   0,0   2,0   0,2  20,9   02:30     S
13   4,8   7,9   19:40   1,2   00:05  13,6   0,0   2,8   1,0  41,8   19:40    SW
14   3,4   5,0   00:05   1,2   20:00  14,9   0,0  15,2   1,7  43,5   00:40    SW
15   2,6   4,0   14:55   0,8   07:55  15,7   0,0   5,2   0,5  19,3   19:50   NNE
16   2,7   4,2   14:55   0,4   19:10  15,6   0,0   3,0   1,0  19,3   04:55    NW
17   1,9   4,8   23:59  -0,9   08:30  16,4   0,0   1,2   0,0  14,5   21:30   SSE
18   5,6   7,8   14:35   3,4   23:59  12,7   0,0   1,0   0,7  19,3   14:05   NNW
19   3,0   4,8   19:55   0,0   08:10  15,3   0,0   0,2   0,0   9,7   02:05    SW
20   7,4   8,4   14:15   4,7   00:05  10,9   0,0   0,4   0,0  11,3   03:35   WNW
21   8,6  10,1   15:15   7,2   05:05   9,8   0,0   0,8   0,1  16,1   15:30   WNW
22   8,9   9,8   15:15   8,4   23:15   9,4   0,0   0,0   0,0  17,7   00:10    NW
23   8,7   9,5   13:15   8,3   01:05   9,6   0,0   0,4   0,0  16,1   19:30   WSW
24   7,9   8,4   13:15   7,3   20:15  10,4   0,0   0,2   0,1  20,9   05:15    SW
25   5,9   7,9   00:05   3,7   23:55  12,4   0,0   1,0   1,1  25,7   23:45     S
26   5,2   6,4   21:35   3,7   00:05  13,1   0,0   3,2   2,8  33,8   22:45     S
27   4,3   5,7   00:05   1,6   23:59  14,1   0,0   4,6   5,5  49,9   18:00    NW
28   1,4   4,7   15:00  -0,4   07:40  16,9   0,0   0,2   1,6  22,5   01:10   WSW
29   2,6   6,4   17:35  -0,4   02:35  15,7   0,0   6,4   1,1  33,8   15:30   SSW
30  10,1  13,8   13:40   3,5   00:05   8,3   0,0   4,6   2,3  45,1   12:35     S
31  10,8  12,9   12:20   6,8   23:20   7,6   0,0  11,0   1,7  30,6   12:30   WSW
----------------------------------------------------------------------------------
     4,3  13,8    30    -3,2     2   433,5   0,0  92,0   1,2  49,9    27     WSW

Max >=  27,0:  0
Max <=   0,0:  1
Min <=   0,0:  8
Min <= -18,0:  0
Max Rain: 15,2 on day 14
Days of Rain: 28 (>= 0,2 mm)  14 (>= 2,0 mm)  0 (>= 20,0 mm)
Heat Base: 18,3  Cool Base: 18,3  Method: Integration