NOAA-Style Climate Reports


Select a Year or Month report
2019: jan fév mar avr mai jui jui aoû sep oct nov déc
2018: jan fév mar avr mai jui jui aoû sep oct nov déc
2017: jan fév mar avr mai jui jui aoû sep oct nov déc
2016: jan fév mar avr mai jui jui aoû sep oct nov déc
2015: jan fév mar avr mai jui jui aoû sep oct nov déc
2014: jan fév mar avr mai jui jui aoû sep oct nov déc
2013: jan fév mar avr mai jui jui aoû sep oct nov déc

Report for 2017 août
                   Monthly Climatological Summary for août 2017

Name: Achiet le grand   City: Pas de Calais   State: France
Elevation: 124 m  Lat: N 50° 07' 53"   Lon: E 002° 47' 00"

                  Temperature (°C), Rain (mm), Wind Speed (km/h)

                                      Heat  Cool        Avg
    Mean                              Deg   Deg         Wind                 Dom
Day Temp  High   Time   Low    Time   Days  Days  Rain  Speed High   Time    Dir
----------------------------------------------------------------------------------
 1  18,6  24,6   19:05  12,7   06:25   1,6   1,8   0,0   0,2  17,7   22:50   WNW
 2  18,4  23,3   17:45  13,4   06:35   1,3   1,4   0,0   0,4  22,5   18:30   SSE
 3  19,8  24,0   17:55  16,5   07:05   0,3   1,7   4,0   1,7  30,6   11:25   WNW
 4  18,1  22,6   17:05  14,9   10:55   1,0   0,7   1,4   1,0  22,5   10:45   WNW
 5  17,4  22,5   15:45  13,1   23:59   1,8   0,8   2,2   2,4  32,2   15:05   WSW
 6  16,1  22,1   18:10   9,8   06:25   3,1   0,9   0,2   0,7  19,3   18:20    NW
 7  17,4  25,9   18:20   8,2   06:15   3,2   2,2   0,0   0,1  12,9   13:15     W
 8  15,3  20,4   13:30  12,6   23:59   3,2   0,1   4,4   0,2  16,1   19:25   SSW
 9  15,1  21,2   15:55   9,8   05:50   3,6   0,4   0,2   0,4  17,7   17:25    SW
10  15,4  21,4   14:10  12,0   06:45   3,2   0,2   1,2   0,5  19,3   16:00   NNE
11  16,1  21,1   16:35  12,7   23:59   2,7   0,4   1,6   1,5  29,0   16:15   SSW
12  15,4  18,6   16:15  12,6   00:10   2,9   0,0   3,8   0,5  20,9   20:50   WSW
13  16,8  23,7   16:40  11,1   05:55   2,7   1,2   0,0   0,1  12,9   21:15   NNW
14  19,1  25,8   17:10  11,4   07:05   1,8   2,6   0,0   0,3  14,5   15:10   ESE
15  19,4  24,2   15:50  15,1   23:59   0,6   1,7   3,6   1,2  25,7   16:00     W
16  17,6  24,9   17:10  11,2   06:45   2,4   1,7   0,2   0,1  12,9   16:20   SSE
17  18,1  21,7   19:00  15,9   09:35   0,8   0,5   5,8   0,6  22,5   08:15    NW
18  17,3  21,3   16:05  12,4   23:59   1,3   0,2   4,0   1,4  33,8   16:35   SSE
19  14,9  20,3   16:50  11,1   03:15   3,7   0,2   0,6   2,2  33,8   17:20   SSW
20  15,4  21,3   16:45  10,4   05:35   3,3   0,4   0,0   0,8  20,9   14:40   NNW
21  15,2  16,7   18:40  13,2   05:25   3,1   0,0   2,2   0,6  14,5   10:35   SSE
22  18,4  22,9   15:35  15,7   07:00   1,0   1,1   0,2   0,1  12,9   15:00     S
23  19,3  27,4   14:25  14,7   23:59   0,9   1,9   0,0   2,0  30,6   16:25   WNW
24  17,4  23,8   18:00  12,3   04:40   2,4   1,4   0,0   0,6  16,1   14:45   NNW
25  19,2  26,2   16:35  13,8   01:55   1,7   2,5   0,0   0,3  14,5   16:15    NW
26  21,7  28,0   16:00  16,6   04:15   0,4   3,7   0,0   0,2  14,5   19:55   NNE
27  21,0  27,6   18:30  15,8   07:30   0,6   3,2   0,0   0,1  11,3   12:15   NNE
28  21,7  29,6   18:30  14,1   07:15   1,0   4,3   0,0   0,0   6,4   13:15   WNW
29  24,4  32,4   17:55  16,4   04:30   0,4   6,5   0,0   0,4  14,5   15:20   NNE
30  18,3  23,2   00:05  12,8   23:40   1,3   1,3  13,0   1,4  30,6   20:00    NW
31  14,0  18,4   16:45   9,9   07:50   4,3   0,0   1,0   1,0  25,7   15:30   WNW
----------------------------------------------------------------------------------
    17,8  32,4    29     8,2     7    61,6  45,0  49,6   0,7  33,8    18       W

Max >=  27,0:  5
Max <=   0,0:  0
Min <=   0,0:  0
Min <= -18,0:  0
Max Rain: 13,0 on day 30
Days of Rain: 18 (>= 0,2 mm)  9 (>= 2,0 mm)  0 (>= 20,0 mm)
Heat Base: 18,3  Cool Base: 18,3  Method: Integration