NOAA-Style Climate Reports


Select a Year or Month report
2019: jan fév mar avr mai jui jui aoû sep oct nov déc
2018: jan fév mar avr mai jui jui aoû sep oct nov déc
2017: jan fév mar avr mai jui jui aoû sep oct nov déc
2016: jan fév mar avr mai jui jui aoû sep oct nov déc
2015: jan fév mar avr mai jui jui aoû sep oct nov déc
2014: jan fév mar avr mai jui jui aoû sep oct nov déc
2013: jan fév mar avr mai jui jui aoû sep oct nov déc

Report for 2017 juillet
                   Monthly Climatological Summary for juil. 2017

Name: Achiet le grand   City: Pas de Calais   State: France
Elevation: 124 m  Lat: N 50° 07' 53"   Lon: E 002° 47' 00"

                  Temperature (°C), Rain (mm), Wind Speed (km/h)

                                      Heat  Cool        Avg
    Mean                              Deg   Deg         Wind                 Dom
Day Temp  High   Time   Low    Time   Days  Days  Rain  Speed High   Time    Dir
----------------------------------------------------------------------------------
 1  16,7  22,3   19:10  13,1   09:00   2,3   0,7  11,0   2,2  29,0   16:10   WNW
 2  16,2  22,1   18:05  12,0   04:30   2,7   0,5   1,4   0,4  14,5   13:45    NW
 3  16,2  21,8   17:05  10,9   05:50   2,8   0,7   0,2   1,2  25,7   18:45    NW
 4  18,7  26,1   17:25  12,9   03:20   1,8   2,2   0,0   0,1  14,5   04:15   NNE
 5  21,9  30,4   19:45  13,9   06:25   1,0   4,6   0,0   0,2  11,3   22:50   NNE
 6  21,4  29,9   17:00  16,1   06:00   0,4   3,6   3,8   0,7  24,1   13:25   SSW
 7  22,1  28,0   15:15  16,3   06:25   0,3   4,0   0,2   1,2  25,7   13:55   WSW
 8  20,2  26,8   15:30  13,6   06:30   1,2   3,1   0,0   1,2  19,3   16:35   NNE
 9  21,1  28,3   19:35  13,7   06:35   1,1   3,8   0,0   0,4  17,7   11:25   ENE
10  18,0  21,4   17:10  14,2   10:15   0,9   0,6  14,8   0,9  27,4   18:40   WNW
11  17,1  22,6   17:05  13,1   04:35   2,0   0,7   0,0   0,3  22,5   15:30     E
12  17,1  20,7   17:30  12,1   23:59   1,6   0,3   1,4   2,1  29,0   13:25    NE
13  16,8  24,2   15:55   8,7   05:55   3,2   1,7   0,0   0,4  12,9   09:50    NE
14  16,7  21,4   14:10  10,5   06:30   2,2   0,6   0,2   2,4  32,2   13:35    NW
15  17,1  23,8   16:25  12,0   03:40   2,3   1,1   0,0   0,7  19,3   16:30   WSW
16  19,2  24,2   16:15  15,9   02:05   0,8   1,7   0,0   1,3  22,5   13:40    NW
17  20,1  25,8   17:50  14,9   02:00   1,1   2,9   0,0   0,4  17,7   14:10   NNE
18  23,3  31,6   19:10  14,6   06:25   0,7   5,7   0,0   0,5  22,5   14:00     E
19  23,8  30,5   17:20  19,8   03:25   0,0   5,5   0,2   1,1  29,0   11:55     S
20  18,8  22,9   11:05  12,4   23:59   0,5   0,9   1,0   2,6  37,0   14:05   WNW
21  18,2  26,3   17:05  10,0   06:15   2,7   2,5   0,0   1,3  22,5   12:15   SSW
22  16,7  22,6   17:30  13,1   23:59   2,2   0,6   0,4   1,3  30,6   19:35     W
23  14,8  19,7   16:25  12,1   02:15   3,6   0,1   3,0   0,6  24,1   13:45   WSW
24  15,6  20,5   15:10  12,5   04:55   2,9   0,2   3,4   2,1  30,6   18:15    NW
25  17,1  22,4   15:45  13,7   06:50   1,8   0,6   0,0   1,8  25,7   16:30    NW
26  17,4  24,0   14:00  10,9   06:20   2,2   1,3   0,2   0,6  24,1   16:20    SW
27  17,4  20,9   18:10  13,6   23:59   1,3   0,4   0,0   1,7  25,7   02:45   WSW
28  16,6  21,8   15:20  11,2   05:00   2,6   0,9   0,0   0,6  29,0   16:05     S
29  21,2  26,8   18:35  16,5   06:15   0,3   3,2   0,0   1,6  25,7   19:10     S
30  19,7  22,3   16:05  15,6   23:45   0,2   1,5   0,0   2,4  35,4   08:20    NW
31  18,0  24,0   15:50  11,4   06:35   1,8   1,5   0,0   0,2  14,5   15:20   NNW
----------------------------------------------------------------------------------
    18,6  31,6    18     8,7    13    50,5  57,7  41,2   1,1  37,0    20     WNW

Max >=  27,0:  6
Max <=   0,0:  0
Min <=   0,0:  0
Min <= -18,0:  0
Max Rain: 14,8 on day 10
Days of Rain: 14 (>= 0,2 mm)  5 (>= 2,0 mm)  0 (>= 20,0 mm)
Heat Base: 18,3  Cool Base: 18,3  Method: Integration