NOAA-Style Climate Reports


Select a Year or Month report
2019: jan fév mar avr mai jui jui aoû sep oct nov déc
2018: jan fév mar avr mai jui jui aoû sep oct nov déc
2017: jan fév mar avr mai jui jui aoû sep oct nov déc
2016: jan fév mar avr mai jui jui aoû sep oct nov déc
2015: jan fév mar avr mai jui jui aoû sep oct nov déc
2014: jan fév mar avr mai jui jui aoû sep oct nov déc
2013: jan fév mar avr mai jui jui aoû sep oct nov déc

Report for 2017 juin
                   Monthly Climatological Summary for juin 2017

Name: Achiet le grand   City: Pas de Calais   State: France
Elevation: 124 m  Lat: N 50° 07' 53"   Lon: E 002° 47' 00"

                  Temperature (°C), Rain (mm), Wind Speed (km/h)

                                      Heat  Cool        Avg
    Mean                              Deg   Deg         Wind                 Dom
Day Temp  High   Time   Low    Time   Days  Days  Rain  Speed High   Time    Dir
----------------------------------------------------------------------------------
 1  19,6  27,7   17:25  11,4   06:10   1,9   3,3   0,0   0,2  12,9   12:20   NNW
 2  20,4  29,4   16:00  13,8   06:10   1,2   3,3  10,6   0,3  22,5   18:25   SSW
 3  15,6  18,8   14:25  11,4   23:59   2,7   0,0   0,0   1,7  22,5   15:00     W
 4  14,7  19,3   15:40  10,7   02:25   3,7   0,1   0,2   1,4  27,4   04:15   WNW
 5  16,6  22,1   16:05  11,2   02:25   2,6   0,9   0,0   0,9  20,9   15:50   SSE
 6  13,5  16,8   00:05  11,0   07:50   4,8   0,0  11,4   5,4  46,7   18:20    SW
 7  13,5  17,9   16:45   9,2   05:50   4,8   0,0   1,2   4,7  45,1   14:35     W
 8  17,9  25,3   17:55  11,2   05:45   2,4   2,0   0,0   1,2  24,1   11:45   SSE
 9  16,5  19,7   16:20  11,8   23:59   2,1   0,2   9,0   2,8  32,2   11:50   WNW
10  19,3  26,5   18:30  11,2   00:55   2,2   3,1   0,0   0,6  20,9   16:00    SW
11  20,4  28,3   15:20  14,8   06:00   0,9   3,1   0,0   1,4  32,2   19:35   WNW
12  14,3  17,9   16:40  10,6   05:45   4,0   0,0   0,0   2,4  35,4   16:45   WNW
13  16,6  24,2   17:35   8,4   06:15   3,4   1,7   0,0   0,0   9,7   16:20   ENE
14  20,0  27,3   18:45  11,3   05:45   1,9   3,6   0,0   0,7  20,9   13:20   ESE
15  19,9  24,8   13:50  13,8   23:59   0,7   2,2   0,0   3,3  33,8   16:00   WNW
16  16,5  20,8   17:25  11,8   06:00   2,5   0,6   0,0   1,7  24,1   12:50   WNW
17  20,4  27,8   16:35  13,6   00:50   1,5   3,6   0,0   0,5  16,1   14:30   NNE
18  22,4  29,5   18:25  14,4   06:10   0,8   4,8   0,0   0,3  17,7   16:50     E
19  24,7  31,6   17:10  16,1   06:00   0,3   6,7   0,0   0,3  14,5   13:00     E
20  25,4  33,3   16:45  16,8   06:00   0,1   7,3   0,0   0,1  14,5   16:15     N
21  26,7  34,5   18:20  17,7   06:20   0,1   8,3   0,0   0,6  14,5   12:50   SSE
22  22,2  28,5   13:05  15,2   23:59   0,2   4,1   0,0   3,2  37,0   16:50     W
23  16,7  20,4   15:50  13,3   04:00   1,9   0,3   0,0   2,8  32,2   20:05     W
24  17,2  23,7   16:20  11,7   04:55   2,2   1,0   0,0   1,3  25,7   16:25   WNW
25  17,8  21,2   17:20  14,6   07:35   1,2   0,7   0,6   2,6  33,8   14:25   WNW
26  19,6  26,0   18:35  13,7   06:25   1,2   2,5   0,0   0,3  19,3   00:40   NNW
27  18,9  24,9   12:55  13,6   04:15   1,4   2,0  25,6   0,5  17,7   14:30   ESE
28  17,7  23,3   17:20  15,5   09:00   1,3   0,7  19,0   0,8  19,3   15:35    NW
29  16,8  21,9   19:20  13,2   06:40   2,1   0,6   0,6   0,7  19,3   10:15   SSE
30  16,7  21,8   15:00  12,7   05:40   2,1   0,4   0,0   0,3  14,5   08:35    NW
----------------------------------------------------------------------------------
    18,6  34,5    21     8,4    13    58,2  67,1  78,2   1,4  46,7     6       W

Max >=  27,0: 10
Max <=   0,0:  0
Min <=   0,0:  0
Min <= -18,0:  0
Max Rain: 25,6 on day 27
Days of Rain: 9 (>= 0,2 mm)  5 (>= 2,0 mm)  1 (>= 20,0 mm)
Heat Base: 18,3  Cool Base: 18,3  Method: Integration