NOAA-Style Climate Reports


Select a Year or Month report
2019: jan fév mar avr mai jui jui aoû sep oct nov déc
2018: jan fév mar avr mai jui jui aoû sep oct nov déc
2017: jan fév mar avr mai jui jui aoû sep oct nov déc
2016: jan fév mar avr mai jui jui aoû sep oct nov déc
2015: jan fév mar avr mai jui jui aoû sep oct nov déc
2014: jan fév mar avr mai jui jui aoû sep oct nov déc
2013: jan fév mar avr mai jui jui aoû sep oct nov déc

Report for 2017 mai
                   Monthly Climatological Summary for mai 2017

Name: Achiet le grand   City: Pas de Calais   State: France
Elevation: 124 m  Lat: N 50° 07' 53"   Lon: E 002° 47' 00"

                  Temperature (°C), Rain (mm), Wind Speed (km/h)

                                      Heat  Cool        Avg
    Mean                              Deg   Deg         Wind                 Dom
Day Temp  High   Time   Low    Time   Days  Days  Rain  Speed High   Time    Dir
----------------------------------------------------------------------------------
 1   9,8  13,8   17:40   7,1   07:55   8,6   0,0   1,6   1,7  25,7   06:40    SW
 2  10,2  17,1   13:05   2,9   07:00   8,2   0,0   0,6   0,6  20,9   17:15   NNW
 3   9,4  12,7   18:50   8,2   08:40   8,9   0,0   0,8   0,1  12,9   18:30     N
 4  10,7  15,8   17:15   7,8   00:50   7,7   0,0   1,0   0,6  19,3   16:25   NNE
 5  10,6  15,2   18:10   6,7   06:50   7,8   0,0   0,0   0,6  17,7   14:25    NE
 6  10,8  17,8   14:45   5,4   05:35   7,5   0,0   5,2   0,7  19,3   11:10    NW
 7   9,6  10,8   00:05   8,6   23:59   8,8   0,0   6,4   2,8  29,0   06:00    NW
 8   8,5  10,2   19:00   6,2   23:59   9,8   0,0   0,6   2,0  24,1   14:05   NNE
 9   9,6  16,4   17:35   2,8   06:50   8,8   0,0   0,2   0,4  16,1   14:05   NNE
10  11,7  20,1   18:10   2,7   06:35   6,9   0,2   0,0   0,7  17,7   14:35     E
11  14,7  22,6   17:00   6,8   05:30   4,6   0,9   0,0   0,7  24,1   16:40    SW
12  15,4  21,4   14:20  12,6   07:10   3,2   0,3   3,6   1,0  22,5   13:30     S
13  14,4  19,1   13:55  10,9   23:59   3,9   0,0   0,2   0,6  20,9   11:25     W
14  12,7  17,7   13:20   8,2   23:59   5,6   0,0   2,2   1,1  25,7   14:15    NW
15  14,7  21,9   17:40   6,2   04:50   4,4   0,8   0,0   0,6  19,3   11:25   SSE
16  20,9  28,1   17:40  14,3   06:25   0,9   3,4   0,0   0,6  14,5   10:35   NNE
17  21,6  28,4   17:20  15,3   06:40   0,7   3,9   1,4   1,2  33,8   20:55   WNW
18  15,3  19,1   16:40  11,6   23:59   3,1   0,0   8,6   0,9  27,4   23:10   WNW
19  11,9  16,1   16:05   8,6   23:50   6,4   0,0   0,6   1,3  24,1   18:00     W
20  12,1  17,8   15:35   8,1   00:55   6,2   0,0   4,6   0,7  17,7   13:05    SE
21  14,7  21,1   18:10   6,9   06:05   4,1   0,5   0,0   0,6  14,5   12:00   ENE
22  17,4  24,8   17:50   8,8   05:55   3,0   2,1   0,0   1,0  22,5   14:55   SSW
23  16,7  21,9   16:20  12,6   06:20   2,3   0,7   0,0   1,8  25,7   16:05   WNW
24  17,6  24,6   17:50  13,4   06:45   2,1   1,4   0,0   0,4  16,1   17:05    NW
25  18,8  25,9   16:35  11,7   06:10   1,9   2,4   0,0   0,9  22,5   19:10   ENE
26  21,0  27,7   16:50  12,3   06:20   1,3   4,0   0,0   2,1  27,4   13:40     S
27  21,8  29,7   16:35  16,2   06:30   0,3   3,7   0,0   1,5  24,1   17:25   NNE
28  22,1  29,3   17:55  15,5   06:05   0,8   4,6   0,0   0,2  14,5   15:10   NNE
29  22,4  29,2   13:50  17,1   06:45   0,1   4,2   0,2   1,0  25,7   14:05   WNW
30  16,7  19,9   12:30  11,8   23:59   1,8   0,1   0,0   2,2  27,4   10:30   WNW
31  17,3  24,7   17:30  10,7   05:10   2,7   1,6   0,0   0,2  14,5   13:10    NE
----------------------------------------------------------------------------------
    14,9  29,7    27     2,7    10   142,4  34,8  37,8   1,0  33,8    17      NW

Max >=  27,0:  6
Max <=   0,0:  0
Min <=   0,0:  0
Min <= -18,0:  0
Max Rain: 8,6 on day 18
Days of Rain: 16 (>= 0,2 mm)  6 (>= 2,0 mm)  0 (>= 20,0 mm)
Heat Base: 18,3  Cool Base: 18,3  Method: Integration