NOAA-Style Climate Reports


Select a Year or Month report
2019: jan fév mar avr mai jui jui aoû sep oct nov déc
2018: jan fév mar avr mai jui jui aoû sep oct nov déc
2017: jan fév mar avr mai jui jui aoû sep oct nov déc
2016: jan fév mar avr mai jui jui aoû sep oct nov déc
2015: jan fév mar avr mai jui jui aoû sep oct nov déc
2014: jan fév mar avr mai jui jui aoû sep oct nov déc
2013: jan fév mar avr mai jui jui aoû sep oct nov déc

Report for 2017 mars
                   Monthly Climatological Summary for mars 2017

Name: Achiet le grand   City: Pas de Calais   State: France
Elevation: 124 m  Lat: N 50° 07' 53"   Lon: E 002° 47' 00"

                  Temperature (°C), Rain (mm), Wind Speed (km/h)

                                      Heat  Cool        Avg
    Mean                              Deg   Deg         Wind                 Dom
Day Temp  High   Time   Low    Time   Days  Days  Rain  Speed High   Time    Dir
----------------------------------------------------------------------------------
 1   6,7   9,1   20:15   4,5   00:05  11,7   0,0   2,6   2,7  41,8   23:30   WSW
 2   6,8  10,4   14:05   3,7   23:59  11,6   0,0   1,0   4,3  45,1   02:35   WNW
 3   7,4  11,3   16:40   3,4   03:30  10,9   0,0   0,6   2,6  20,9   10:45   SSE
 4   7,8  10,7   01:15   5,4   23:00  10,6   0,0  15,2   1,7  27,4   01:35    SW
 5   4,9   7,2   16:55   3,3   07:10  13,4   0,0  18,2   2,7  35,4   11:50   WNW
 6   6,5   9,4   14:45   4,9   00:15  11,8   0,0   7,8   3,7  43,5   01:45   WNW
 7   5,6   9,9   14:30   2,4   22:45  12,7   0,0   0,2   0,6  17,7   00:10     W
 8   8,1  11,6   14:50   2,4   00:15  10,3   0,0  10,8   2,7  37,0   15:55    NW
 9  10,3  12,2   15:00   7,7   23:59   8,1   0,0   6,0   2,0  33,8   12:20    NE
10   7,9  13,4   16:00   2,3   07:35  10,4   0,0   0,0   0,6  12,9   12:15    SE
11   8,2  14,3   16:40   2,4   06:10  10,1   0,0   0,0   0,1  11,3   09:55     E
12   9,4  15,2   15:25   4,7   07:40   8,9   0,0   0,0   0,1  11,3   20:25    NW
13   8,1  12,4   14:40   4,3   06:20  10,3   0,0   0,0   0,6  17,7   10:55    NW
14   7,1  11,8   16:40   2,3   07:00  11,2   0,0   0,2   0,7  24,1   18:30    SW
15  11,2  17,4   15:15   7,9   23:59   7,1   0,0   0,0   0,0   9,7   02:40   NNE
16  11,2  18,4   16:05   4,3   06:25   7,2   0,0   0,0   0,4  14,5   14:35    NW
17   8,4  11,4   14:10   6,4   20:30   9,9   0,0   0,0   2,4  32,2   23:30    SW
18   9,3  10,7   13:25   6,7   02:25   9,0   0,0   4,8   6,9  37,0   08:40     W
19  10,4  13,1   14:25   9,5   04:30   7,9   0,0   0,6   4,4  48,3   16:40   WSW
20  10,0  11,8   14:55   8,9   06:35   8,3   0,0   0,0   2,4  38,6   14:40   SSW
21   7,4  10,0   16:15   2,7   23:59  10,9   0,0   1,4   1,5  27,4   06:25   WNW
22   6,4  11,0   14:25   2,4   04:25  11,9   0,0   0,0   2,6  29,0   12:25    SE
23   8,7  14,0   15:35   2,2   06:20   9,7   0,0   0,0   1,5  27,4   14:10   ENE
24   9,5  13,5   13:30   6,7   05:30   8,8   0,0   0,0   1,0  24,1   13:55    NE
25   9,6  16,0   15:40   3,5   07:05   8,8   0,0   0,0   1,7  35,4   14:30    NE
26  10,3  17,4   17:35   3,6   08:00   7,7   0,0   0,0   0,7  19,3   13:00    NE
27  10,9  17,9   17:10   3,7   08:00   7,4   0,0   0,0   1,0  17,7   13:50    SE
28  11,5  18,8   14:05   4,9   07:50   6,8   0,0   1,2   0,9  24,1   15:55   SSW
29  12,1  17,7   17:55   7,3   03:40   6,3   0,0   0,2   0,6  20,9   14:00   SSE
30  15,4  22,1   17:35   9,0   06:40   3,8   0,8   0,0   1,8  22,5   15:30   SSE
31  13,6  17,9   16:40   9,6   23:59   4,7   0,0   0,8   1,8  22,5   12:35   SSW
----------------------------------------------------------------------------------
     9,1  22,1    30     2,2    23   288,2   0,8  71,6   1,8  48,3    19     WSW

Max >=  27,0:  0
Max <=   0,0:  0
Min <=   0,0:  0
Min <= -18,0:  0
Max Rain: 18,2 on day 5
Days of Rain: 16 (>= 0,2 mm)  7 (>= 2,0 mm)  0 (>= 20,0 mm)
Heat Base: 18,3  Cool Base: 18,3  Method: Integration