NOAA-Style Climate Reports


Select a Year or Month report
2019: jan fév mar avr mai jui jui aoû sep oct nov déc
2018: jan fév mar avr mai jui jui aoû sep oct nov déc
2017: jan fév mar avr mai jui jui aoû sep oct nov déc
2016: jan fév mar avr mai jui jui aoû sep oct nov déc
2015: jan fév mar avr mai jui jui aoû sep oct nov déc
2014: jan fév mar avr mai jui jui aoû sep oct nov déc
2013: jan fév mar avr mai jui jui aoû sep oct nov déc

Report for 2016 octobre
                   Monthly Climatological Summary for oct. 2016

Name: Achiet le grand   City: Pas de Calais   State: France
Elevation: 124 m  Lat: N 50° 07' 53"   Lon: E 002° 47' 00"

                  Temperature (°C), Rain (mm), Wind Speed (km/h)

                                      Heat  Cool        Avg
    Mean                              Deg   Deg         Wind                 Dom
Day Temp  High   Time   Low    Time   Days  Days  Rain  Speed High   Time    Dir
----------------------------------------------------------------------------------
 1  12,2  16,8   15:50   9,4   23:59   6,1   0,0   8,0   0,8  32,2   17:55     S
 2  11,3  15,4   14:50   8,9   04:15   7,1   0,0   2,4   2,4  25,7   11:00   WNW
 3  11,9  18,6   16:40   5,8   07:40   6,4   0,0   0,0   0,4  16,1   11:45   NNW
 4  12,1  17,1   15:40   9,1   03:50   6,2   0,0   0,2   1,3  24,1   15:30     E
 5  10,4  14,8   15:35   6,4   08:20   7,9   0,0   0,0   1,9  30,6   13:55   ENE
 6   8,4  13,3   16:40   3,2   08:10   9,9   0,0   0,0   1,9  27,4   13:50   ENE
 7  10,5  12,3   17:00   9,0   01:30   7,8   0,0   0,0   0,4  19,3   05:45    NE
 8  10,8  15,4   16:50   7,7   23:59   7,5   0,0   0,0   0,4  14,5   12:40    NE
 9   9,4  15,3   14:30   4,6   08:05   8,9   0,0   0,0   0,1  14,5   16:50   NNE
10   8,7  14,1   13:05   4,0   02:00   9,6   0,0   0,0   0,3  20,9   15:05   NNE
11   7,6  13,4   17:20   2,5   08:35  10,8   0,0   0,2   0,4  14,5   13:05    NE
12   7,3  11,3   13:10   3,4   04:40  11,0   0,0   0,0   0,3  17,7   18:35   NNE
13   8,8  12,9   16:05   4,4   08:40   9,5   0,0   0,0   0,8  24,1   11:55   ENE
14   9,5  12,2   14:20   7,4   07:05   8,8   0,0   4,8   0,2  14,5   15:20   ENE
15  11,8  15,7   15:40   9,1   08:15   6,6   0,0   1,0   1,8  22,5   07:55   SSE
16  13,4  20,2   15:50   8,7   05:05   5,0   0,2  13,8   2,1  24,1   11:40    SW
17  12,3  16,7   17:05   9,4   23:59   6,1   0,0   2,0   0,3  14,5   11:45    NW
18   9,7  12,5   15:10   6,5   23:55   8,7   0,0   1,2   1,3  24,1   15:05   WSW
19  10,1  13,3   13:10   6,2   00:30   8,3   0,0   0,2   3,3  29,0   13:45    NW
20  10,5  14,3   13:55   8,8   07:50   7,8   0,0   4,6   3,5  22,5   16:15    NW
21   9,1  13,3   16:15   6,3   23:20   9,2   0,0   1,0   0,2  16,1   00:10    NW
22   8,5  15,0   14:20   4,4   06:25   9,8   0,0   0,2   0,0   6,4   12:30     S
23   6,9   8,4   16:00   6,1   10:50  11,4   0,0   0,0   0,4  14,5   10:05   NNE
24   8,6  10,8   17:20   6,7   01:50   9,7   0,0   0,2   0,0  12,9   04:10    NW
25   9,2  11,3   14:25   6,4   23:59   9,2   0,0   0,0   0,0   9,7   15:55    SE
26   7,1  10,7   17:05   4,4   03:55  11,3   0,0   0,2   0,0   6,4   14:05   SSW
27  11,1  14,0   16:35   7,9   00:05   7,2   0,0   0,2   0,0  11,3   13:05     S
28  11,5  14,3   15:30   8,4   04:35   6,8   0,0   0,0   0,3  16,1   12:00   WNW
29  11,8  15,9   16:55   9,1   23:55   6,6   0,0   0,0   0,0   8,0   16:40   ENE
30   9,7  15,2   16:05   5,8   08:15   8,7   0,0   0,2   0,0  11,3   14:45   ENE
31  10,6  16,6   14:25   5,9   08:00   7,7   0,0   0,0   0,2  11,3   13:50   NNE
----------------------------------------------------------------------------------
    10,0  20,2    16     2,5    11   257,6   0,2  40,4   0,8  32,2     1     NNW

Max >=  27,0:  0
Max <=   0,0:  0
Min <=   0,0:  0
Min <= -18,0:  0
Max Rain: 13,8 on day 16
Days of Rain: 17 (>= 0,2 mm)  6 (>= 2,0 mm)  0 (>= 20,0 mm)
Heat Base: 18,3  Cool Base: 18,3  Method: Integration