NOAA-Style Climate Reports


Select a Year or Month report
2019: jan fév mar avr mai jui jui aoû sep oct nov déc
2018: jan fév mar avr mai jui jui aoû sep oct nov déc
2017: jan fév mar avr mai jui jui aoû sep oct nov déc
2016: jan fév mar avr mai jui jui aoû sep oct nov déc
2015: jan fév mar avr mai jui jui aoû sep oct nov déc
2014: jan fév mar avr mai jui jui aoû sep oct nov déc
2013: jan fév mar avr mai jui jui aoû sep oct nov déc

Report for 2016 août
                   Monthly Climatological Summary for août 2016

Name: Achiet le grand   City: Pas de Calais   State: France
Elevation: 124 m  Lat: N 50° 07' 53"   Lon: E 002° 47' 00"

                  Temperature (°C), Rain (mm), Wind Speed (km/h)

                                      Heat  Cool        Avg
    Mean                              Deg   Deg         Wind                 Dom
Day Temp  High   Time   Low    Time   Days  Days  Rain  Speed High   Time    Dir
----------------------------------------------------------------------------------
 1  15,8  21,3   13:20  10,4   06:25   3,1   0,6   0,0   1,0  24,1   15:55    NW
 2  16,1  18,1   18:35  13,4   03:40   2,3   0,0   3,8   1,6  27,4   13:20   SSW
 3  17,4  19,8   17:20  16,0   23:35   1,1   0,2  10,8   1,1  24,1   18:20    NW
 4  16,4  20,6   18:05  13,2   06:50   2,3   0,3   0,2   0,9  22,5   17:15   WSW
 5  16,7  22,6   15:25  12,1   05:50   2,6   0,9   0,0   1,8  25,7   15:25     W
 6  17,6  23,3   18:15  12,3   03:20   2,2   1,4   0,0   1,0  24,1   13:40   WNW
 7  19,1  25,6   15:55  12,5   07:00   1,8   2,5   0,0   1,3  22,5   19:50   WNW
 8  16,9  21,2   15:25  12,9   06:45   1,9   0,5   0,0   2,0  29,0   15:05   WNW
 9  16,1  20,8   18:05  12,3   23:59   2,7   0,4   0,0   1,9  24,1   13:25     W
10  12,9  16,3   17:15   9,7   23:59   5,4   0,0   3,2   0,9  20,9   13:50   ENE
11  12,8  17,3   16:35   8,5   03:25   5,6   0,0   1,0   1,4  30,6   17:35     W
12  18,2  25,1   18:35  12,9   04:35   1,9   1,8   0,0   0,6  22,5   13:50   WSW
13  18,6  25,8   17:05  11,8   05:15   2,1   2,3   0,0   1,3  19,3   14:55     W
14  17,5  24,0   15:40  13,3   04:25   2,1   1,2   0,0   0,6  19,3   18:45     N
15  18,0  24,9   16:35  11,8   06:55   2,3   2,0   0,0   0,8  20,9   12:50   NNE
16  19,0  26,3   16:55  11,9   06:05   2,1   2,7   0,0   0,8  20,9   12:30    NE
17  20,8  29,2   18:15  13,4   07:50   1,3   3,8   0,0   0,4  12,9   13:45     N
18  19,4  24,4   18:05  14,2   06:05   0,8   1,8   0,0   0,3  16,1   07:00     W
19  17,3  22,9   15:15  14,1   06:30   1,8   0,8   2,4   1,1  24,1   20:50   SSW
20  16,9  23,9   16:20  12,8   21:50   2,3   0,9   3,4   1,5  35,4   14:00    SW
21  15,7  19,7   15:40  13,2   03:40   2,7   0,1   0,0   3,7  38,6   15:30   SSW
22  19,6  26,6   17:25  14,6   06:35   1,3   2,6   0,4   0,9  30,6   16:45    NW
23  22,7  30,9   17:40  14,4   03:35   1,1   5,4   0,0   1,4  20,9   13:55    SE
24  26,5  35,1   16:50  18,8   07:20   0,0   8,2   0,0   2,1  20,9   14:40    SE
25  26,8  36,1   18:30  17,6   07:40   0,1   8,5   0,0   0,7  16,1   11:45   SSE
26  24,4  30,1   13:45  18,8   07:10   0,0   6,1   0,0   0,9  17,7   13:30   NNE
27  24,8  33,6   17:45  17,6   07:10   0,1   6,6   0,0   0,8  17,7   13:40    NW
28  20,9  24,9   14:45  16,7   23:15   0,1   2,7   0,0   2,4  29,0   13:35    NW
29  18,1  23,2   17:25  14,3   23:59   1,0   0,8   0,4   0,5  19,3   12:05    NW
30  18,1  25,2   16:30  11,9   07:05   2,2   2,0   0,2   0,3  16,1   16:05    NE
31  18,8  26,3   14:00  11,3   07:25   2,1   2,5   0,0   1,4  29,0   15:35   WNW
----------------------------------------------------------------------------------
    18,7  36,1    25     8,5    11    58,4  69,6  25,8   1,2  38,6    21       W

Max >=  27,0:  6
Max <=   0,0:  0
Min <=   0,0:  0
Min <= -18,0:  0
Max Rain: 10,8 on day 3
Days of Rain: 10 (>= 0,2 mm)  5 (>= 2,0 mm)  0 (>= 20,0 mm)
Heat Base: 18,3  Cool Base: 18,3  Method: Integration