NOAA-Style Climate Reports


Select a Year or Month report
2019: jan fév mar avr mai jui jui aoû sep oct nov déc
2018: jan fév mar avr mai jui jui aoû sep oct nov déc
2017: jan fév mar avr mai jui jui aoû sep oct nov déc
2016: jan fév mar avr mai jui jui aoû sep oct nov déc
2015: jan fév mar avr mai jui jui aoû sep oct nov déc
2014: jan fév mar avr mai jui jui aoû sep oct nov déc
2013: jan fév mar avr mai jui jui aoû sep oct nov déc

Report for 2016 mars
                   Monthly Climatological Summary for mars 2016

Name: Achiet le grand   City: Pas de Calais   State: France
Elevation: 124 m  Lat: N 50° 07' 53"   Lon: E 002° 47' 00"

                  Temperature (°C), Rain (mm), Wind Speed (km/h)

                                      Heat  Cool        Avg
    Mean                              Deg   Deg         Wind                 Dom
Day Temp  High   Time   Low    Time   Days  Days  Rain  Speed High   Time    Dir
----------------------------------------------------------------------------------
 1   3,1   8,3   22:50  -1,8   01:50  15,3   0,0   4,6   2,3  29,0   23:05    SW
 2   5,6   9,1   13:40   1,7   22:20  12,7   0,0   2,6   6,3  46,7   12:10   SSW
 3   4,0   7,5   16:05   1,9   20:45  14,3   0,0   7,6   5,4  41,8   05:00   SSE
 4   4,2   8,4   15:55   1,1   22:00  14,1   0,0  11,8   2,4  45,1   05:10    NW
 5   3,7   8,1   14:40   1,3   08:10  14,7   0,0   2,6   1,9  25,7   15:10    NW
 6   3,2   7,1   16:30  -0,3   22:30  15,2   0,0   0,6   5,1  25,7   11:25    NW
 7   2,0   6,1   14:25   0,3   09:40  16,3   0,0   4,2   3,0  27,4   16:25    NW
 8   4,2   8,3   15:15   0,7   08:10  14,2   0,0   0,0   1,2  16,1   12:30   SSE
 9   3,6   4,6   00:05   2,1   23:59  14,7   0,0   4,4   8,4  41,8   08:20    NE
10   4,9   9,2   17:30   1,6   02:35  13,4   0,0   0,0   0,2   9,7   11:55   NNW
11   4,6  10,3   14:35  -0,1   07:40  13,8   0,0   0,2   0,3  16,1   16:30   NNE
12   4,9  11,0   16:25   0,2   07:15  13,4   0,0   0,2   0,5  17,7   14:45   NNE
13   4,1   9,8   16:35  -0,7   07:25  14,3   0,0   0,2   2,1  24,1   11:25    NE
14   3,5   7,9   15:55  -0,5   07:10  14,8   0,0   0,0   2,1  24,1   12:50   NNE
15   4,8  11,9   15:55  -1,1   07:05  13,6   0,0   0,2   2,4  24,1   14:45    NE
16   4,8   8,6   14:10   2,2   07:40  13,6   0,0   0,0   3,2  29,0   12:20    NE
17   4,9  12,3   15:50  -0,6   06:55  13,4   0,0   0,0   1,5  22,5   16:00   NNE
18   4,2   9,6   16:10   0,8   03:10  14,2   0,0   0,0   2,1  20,9   20:05   NNE
19   5,8   9,4   15:00   4,2   04:05  12,6   0,0   0,0   2,8  24,1   00:35   NNE
20   5,4   7,3   17:25   4,2   06:40  12,9   0,0   0,0   1,6  19,3   10:00    NE
21   6,9   9,9   14:35   4,0   03:50  11,4   0,0   0,0   0,8  19,3   10:00    NW
22   7,4  13,2   14:50   2,5   07:20  10,9   0,0   0,0   0,9  17,7   14:40   NNE
23   7,2  10,8   12:30   4,1   00:05  11,2   0,0   0,0   1,5  20,9   11:20    NW
24   7,3   9,7   14:35   5,5   02:55  11,0   0,0   0,6   0,6  20,9   13:50   WSW
25   7,5  12,5   16:45   3,4   22:55  10,8   0,0   5,2   1,1  20,9   14:45    NW
26   8,6  13,3   16:00   3,3   03:25   9,7   0,0   4,0   4,5  30,6   11:25   WNW
27   8,3  12,9   16:35   5,1   07:50   9,6   0,0   7,6   4,2  35,4   17:05   SSE
28   8,4  11,2   12:35   4,6   23:40   9,9   0,0  11,0   7,5  46,7   08:10    SW
29   8,1  13,4   16:40   4,1   07:30  10,2   0,0   0,0   3,7  32,2   01:20    SW
30   8,4  11,7   15:20   6,2   23:40   9,9   0,0   1,4   0,7  19,3   12:15   SSE
31   6,4   8,4   16:25   5,2   06:20  11,9   0,0   2,4   1,2  25,7   15:30    NW
----------------------------------------------------------------------------------
     5,5  13,4    29    -1,8     1   398,0   0,0  71,4   2,6  46,7     2      NW

Max >=  27,0:  0
Max <=   0,0:  0
Min <=   0,0:  7
Min <= -18,0:  0
Max Rain: 11,8 on day 4
Days of Rain: 19 (>= 0,2 mm)  12 (>= 2,0 mm)  0 (>= 20,0 mm)
Heat Base: 18,3  Cool Base: 18,3  Method: Integration