NOAA-Style Climate Reports


Select a Year or Month report
2019: jan fév mar avr mai jui jui aoû sep oct nov déc
2018: jan fév mar avr mai jui jui aoû sep oct nov déc
2017: jan fév mar avr mai jui jui aoû sep oct nov déc
2016: jan fév mar avr mai jui jui aoû sep oct nov déc
2015: jan fév mar avr mai jui jui aoû sep oct nov déc
2014: jan fév mar avr mai jui jui aoû sep oct nov déc
2013: jan fév mar avr mai jui jui aoû sep oct nov déc

Report for 2016 janvier
                   Monthly Climatological Summary for janv. 2016

Name: Achiet le grand   City: Pas de Calais   State: France
Elevation: 124 m  Lat: N 50° 07' 53"   Lon: E 002° 47' 00"

                  Temperature (°C), Rain (mm), Wind Speed (km/h)

                                      Heat  Cool        Avg
    Mean                              Deg   Deg         Wind                 Dom
Day Temp  High   Time   Low    Time   Days  Days  Rain  Speed High   Time    Dir
----------------------------------------------------------------------------------
 1   5,0   7,1   00:05   1,8   08:55  13,3   0,0   0,2   2,0  25,7   22:25   ESE
 2   7,3   9,7   14:10   5,4   04:50  11,0   0,0   8,0   4,9  35,4   17:10    SW
 3   6,1   7,7   00:10   4,4   08:30  12,2   0,0  10,8   4,8  33,8   17:30   SSW
 4   6,3   8,2   14:50   4,9   09:05  12,0   0,0   0,2   1,8  27,4   14:15     S
 5   5,9   8,0   15:15   3,7   04:15  12,4   0,0   0,0   2,1  24,1   11:15     S
 6   6,6   8,2   14:15   5,2   23:59  11,7   0,0   0,2   0,1  14,5   02:40     S
 7   6,0   8,7   14:55   3,8   23:30  12,3   0,0   7,8   5,9  57,9   15:00    SW
 8   3,8   7,4   14:40   0,6   08:20  14,5   0,0   0,2   0,4  16,1   14:30     S
 9   5,8   8,2   22:10   3,4   04:40  12,5   0,0   2,0   2,8  30,6   21:45   SSE
10   5,3   7,7   00:05   2,7   23:50  13,0   0,0   0,2   2,1  27,4   08:20     S
11   5,0   6,7   12:10   2,2   01:45  13,3   0,0   3,8   2,4  30,6   18:35    SW
12   4,9   6,6   15:10   4,2   00:55  13,4   0,0   4,6   2,5  38,6   15:30   WNW
13   4,5   7,6   13:40   1,8   23:50  13,9   0,0   0,6   2,9  35,4   01:15     S
14   3,3   5,9   14:50   0,9   08:30  15,1   0,0   3,0   5,7  37,0   18:50    NW
15   2,4   3,8   15:05   1,2   09:00  15,9   0,0   0,2  10,8  40,2   00:55    NW
16   2,2   5,4   14:45   0,8   08:40  16,1   0,0   0,0   5,4  24,1   14:40   WNW
17   1,0   3,3   14:25  -1,6   23:59  17,3   0,0   0,0   0,9  16,1   23:59    SE
18  -2,4  -1,1   14:00  -4,4   23:59  20,8   0,0   0,0   2,9  20,9   13:00   ENE
19  -4,1   0,2   15:15  -6,6   07:15  22,4   0,0   0,2   0,0   8,0   13:20   NNE
20  -2,8   2,7   14:50  -6,3   08:25  21,2   0,0   0,0   0,0  11,3   12:35   ENE
21  -1,3   2,8   15:10  -4,8   06:00  19,7   0,0   0,2   0,4  11,3   12:00     S
22   0,8   4,9   23:40  -1,6   05:10  17,5   0,0   5,4   4,9  24,1   13:00    SW
23   5,3   6,2   06:20   4,2   23:59  13,1   0,0   0,0   0,9  20,9   22:50     S
24   6,3   7,9   21:20   4,1   01:05  12,1   0,0   1,2   1,3  17,7   00:10     S
25   8,0  11,4   15:15   5,1   09:15  10,3   0,0   0,0   1,9  24,1   13:50   SSW
26   8,8  10,9   12:45   6,8   04:45   9,5   0,0   0,4   2,9  29,0   12:20    SW
27   9,7  11,1   14:15   8,9   01:15   8,7   0,0   8,0   4,6  30,6   16:10    NW
28   5,6   9,4   00:05   2,2   20:00  12,8   0,0   0,2   0,9  22,5   00:10   SSW
29   5,8   8,4   23:40   2,4   01:45  12,5   0,0   0,2   4,1  29,0   12:50    SW
30   6,6   8,6   05:05   3,4   20:00  11,8   0,0  12,8   5,0  38,6   09:10    SW
31   7,3  11,3   16:50   3,8   01:55  11,1   0,0   2,0   3,8  43,5   17:25     W
----------------------------------------------------------------------------------
     4,4  11,4    25    -6,6    19   433,4   0,0  72,4   2,9  57,9     7     WSW

Max >=  27,0:  0
Max <=   0,0:  1
Min <=   0,0:  6
Min <= -18,0:  0
Max Rain: 12,8 on day 30
Days of Rain: 24 (>= 0,2 mm)  11 (>= 2,0 mm)  0 (>= 20,0 mm)
Heat Base: 18,3  Cool Base: 18,3  Method: Integration