NOAA-Style Climate Reports


Select a Year or Month report
2019: jan fév mar avr mai jui jui aoû sep oct nov déc
2018: jan fév mar avr mai jui jui aoû sep oct nov déc
2017: jan fév mar avr mai jui jui aoû sep oct nov déc
2016: jan fév mar avr mai jui jui aoû sep oct nov déc
2015: jan fév mar avr mai jui jui aoû sep oct nov déc
2014: jan fév mar avr mai jui jui aoû sep oct nov déc
2013: jan fév mar avr mai jui jui aoû sep oct nov déc

Report for 2015 décembre
                   Monthly Climatological Summary for déc. 2015

Name: Achiet le grand   City: Pas de Calais   State: France
Elevation: 124 m  Lat: N 50° 07' 53"   Lon: E 002° 47' 00"

                  Temperature (°C), Rain (mm), Wind Speed (km/h)

                                      Heat  Cool        Avg
    Mean                              Deg   Deg         Wind                 Dom
Day Temp  High   Time   Low    Time   Days  Days  Rain  Speed High   Time    Dir
----------------------------------------------------------------------------------
 1  11,1  12,0   12:25  10,3   23:00   7,3   0,0   3,8   2,1  27,4   00:05    SW
 2   9,4  11,3   11:40   7,2   23:55   8,9   0,0   0,0   0,2  14,5   11:40   SSW
 3   7,0   9,4   13:30   5,1   08:00  11,3   0,0   0,0   1,2  25,7   22:50   SSE
 4   7,9  10,9   14:20   5,1   23:25  10,4   0,0   2,4   2,2  29,0   07:00    SW
 5   5,4   7,6   13:45   3,5   06:50  12,9   0,0   0,0   2,8  29,0   13:35     S
 6   8,8  11,3   15:00   4,6   00:05   9,6   0,0   0,0   3,2  29,0   12:55   SSW
 7   9,1  12,1   14:45   6,9   08:25   9,3   0,0   0,0   1,1  19,3   19:20   SSE
 8   8,1  10,0   18:40   6,3   06:10  10,3   0,0   3,2   1,7  20,9   10:50    SW
 9   5,6   9,6   14:25   3,1   07:20  12,7   0,0   0,2   0,3  17,7   23:45     S
10   3,6   4,8   00:05   2,2   23:30  14,7   0,0   0,0   2,7  29,0   16:20     S
11   5,9   9,5   20:00   1,7   01:55  12,4   0,0   3,0   1,6  22,5   17:45     S
12   8,3  10,7   15:20   7,3   05:25  10,0   0,0   0,8   1,5  24,1   17:50   WSW
13   7,2   8,6   16:00   5,7   23:40  11,2   0,0   0,0   0,7  22,5   02:30     S
14   4,6   5,8   00:05   3,6   11:45  13,8   0,0   0,0   0,5  16,1   11:35    SE
15   7,3   9,7   23:45   4,5   01:55  11,0   0,0   4,8   1,2  22,5   16:55     S
16  11,6  12,7   15:15   9,7   00:05   6,7   0,0   0,6   1,3  24,1   08:55   SSW
17  12,2  14,3   14:20  10,6   08:10   6,2   0,0   0,0   1,4  22,5   15:50    SW
18  10,8  11,9   14:25   9,8   05:00   7,6   0,0   0,0   0,1  16,1   22:30     S
19  11,0  13,8   14:05   9,6   23:59   7,3   0,0   0,4   2,2  27,4   13:40   SSE
20  10,6  12,6   14:20   8,7   08:50   7,8   0,0   0,6   1,3  22,5   11:25    SW
21   9,8  11,2   14:10   8,0   06:20   8,6   0,0   2,0   4,5  37,0   12:50   SSW
22  11,4  12,9   13:50  10,4   03:55   6,9   0,0   1,4   5,2  33,8   10:40   SSW
23   9,3  10,9   00:05   6,7   23:59   9,1   0,0   1,4   2,2  33,8   01:40   SSW
24   8,9  11,3   16:35   6,4   01:45   9,4   0,0   1,6   3,1  32,2   17:15   SSW
25   9,1  11,9   17:25   6,6   08:45   9,3   0,0   2,4   1,6  27,4   13:30     S
26   9,8  12,6   13:45   8,3   08:15   8,5   0,0   0,0   2,1  24,1   14:10   WSW
27   8,4  11,3   14:45   6,7   22:25   9,9   0,0   0,2   1,2  20,9   00:05     S
28   7,0   9,1   14:55   4,8   09:15  11,3   0,0   0,2   2,3  27,4   19:50   SSE
29   8,1  10,8   14:45   5,8   23:59  10,3   0,0   0,0   1,2  20,9   12:45     S
30   6,8   9,2   13:00   5,1   01:35  11,5   0,0   0,2   4,5  29,0   17:40     S
31   7,2   9,7   13:55   5,8   09:25  11,2   0,0   4,2   1,8  24,1   03:10    SW
----------------------------------------------------------------------------------
     8,4  14,3    17     1,7    11   307,4   0,0  33,4   1,9  37,0    21     SSW

Max >=  27,0:  0
Max <=   0,0:  0
Min <=   0,0:  0
Min <= -18,0:  0
Max Rain: 4,8 on day 15
Days of Rain: 19 (>= 0,2 mm)  8 (>= 2,0 mm)  0 (>= 20,0 mm)
Heat Base: 18,3  Cool Base: 18,3  Method: Integration