NOAA-Style Climate Reports


Select a Year or Month report
2019: jan fév mar avr mai jui jui aoû sep oct nov déc
2018: jan fév mar avr mai jui jui aoû sep oct nov déc
2017: jan fév mar avr mai jui jui aoû sep oct nov déc
2016: jan fév mar avr mai jui jui aoû sep oct nov déc
2015: jan fév mar avr mai jui jui aoû sep oct nov déc
2014: jan fév mar avr mai jui jui aoû sep oct nov déc
2013: jan fév mar avr mai jui jui aoû sep oct nov déc

Report for 2015 mai
                   Monthly Climatological Summary for mai 2015

Name: Achiet le grand   City: Pas de Calais   State: France
Elevation: 124 m  Lat: N 50° 07' 53"   Lon: E 002° 47' 00"

                  Temperature (°C), Rain (mm), Wind Speed (km/h)

                                      Heat  Cool        Avg
    Mean                              Deg   Deg         Wind                 Dom
Day Temp  High   Time   Low    Time   Days  Days  Rain  Speed High   Time    Dir
----------------------------------------------------------------------------------
 1   8,4  13,3   16:00   3,3   04:15   9,9   0,0   0,0   2,4  22,5   09:30    NE
 2  10,3  13,8   17:00   5,9   07:00   8,0   0,0   0,4   1,0  16,1   15:40     S
 3  13,3  19,2   17:05  10,8   03:50   5,1   0,0   4,2   3,8  27,4   17:45     S
 4  14,3  20,5   15:15   9,6   06:10   4,2   0,2  14,4   2,0  19,3   15:45   NNW
 5  15,1  17,7   17:45  10,1   23:59   3,2   0,0  11,2   6,7  45,1   12:20   SSW
 6  11,3  15,9   15:30   7,7   06:30   7,0   0,0   2,6   7,3  45,1   14:30     S
 7  11,2  16,2   18:00   5,7   06:40   7,1   0,0   0,0   2,5  20,9   08:40    SW
 8  14,4  20,1   15:30   8,7   06:45   4,1   0,2   0,0   1,2  16,1   22:15    SW
 9  14,2  17,6   16:45  10,1   23:59   4,2   0,0   0,0   5,9  33,8   16:10    SW
10  14,6  21,0   18:05   9,6   02:20   4,1   0,4   0,0   2,1  19,3   15:45   SSE
11  17,9  25,8   16:35  12,3   03:40   2,3   1,8   0,0   1,7  14,5   13:15   NNW
12  13,9  17,3   16:55   9,1   23:59   4,4   0,0   0,0   3,7  30,6   17:30   WNW
13  12,5  20,2   17:10   4,9   06:20   6,0   0,2   0,0   1,0  16,1   20:20   NNE
14   9,4  13,6   16:05   6,7   23:25   8,9   0,0   8,4   1,2  38,6   16:45     W
15   9,6  13,8   16:45   5,2   03:20   8,8   0,0   1,4   3,0  25,7   16:45   WNW
16  10,5  16,7   16:30   5,7   02:35   7,8   0,0   0,0   3,7  27,4   14:40   WSW
17  11,4  17,7   15:45   5,5   06:35   6,9   0,0   0,0   1,7  22,5   14:25   SSW
18  10,5  17,7   14:25   5,2   06:05   7,8   0,0   0,8   3,9  29,0   14:00    SW
19   8,4  12,3   15:20   5,7   05:20   9,9   0,0   2,4   5,3  32,2   15:40    SW
20   9,6  14,6   15:40   5,3   05:15   8,8   0,0   2,4   3,8  25,7   16:45     W
21  11,8  17,8   16:40   5,9   05:40   6,5   0,0   0,0   2,4  20,9   18:30   WSW
22  12,2  19,8   16:40   6,7   05:25   6,2   0,0   0,0   1,7  17,7   14:40    NW
23  14,2  19,3   13:55  10,2   23:59   4,2   0,0   0,0   2,2  20,9   19:05   NNE
24  13,4  21,2   15:55   6,6   05:35   5,3   0,4   0,0   1,7  17,7   14:00     W
25  13,5  16,7   15:45  11,2   23:55   4,8   0,0   0,2   3,2  22,5   15:35   NNE
26  13,4  18,8   16:35   8,8   06:00   4,9   0,0   0,0   1,5  16,1   16:55    NW
27  14,0  20,3   18:05   7,4   03:25   4,6   0,3   0,0   1,9  20,9   18:45    SW
28  12,8  16,8   16:55   9,4   23:59   5,5   0,0   0,0   4,0  30,6   17:10     W
29  10,6  14,6   13:10   6,3   04:20   7,8   0,0   0,8   3,9  32,2   14:00    SW
30  11,4  16,8   19:20   5,6   06:10   6,9   0,0   0,0   2,7  22,5   12:15    NW
31  12,4  15,2   18:50   9,1   00:45   5,9   0,0   8,6   4,3  33,8   20:30     W
----------------------------------------------------------------------------------
    12,3  25,8    11     3,3     1   191,1   3,5  57,8   3,0  45,1     5     WSW

Max >=  27,0:  0
Max <=   0,0:  0
Min <=   0,0:  0
Min <= -18,0:  0
Max Rain: 14,4 on day 4
Days of Rain: 13 (>= 0,2 mm)  8 (>= 2,0 mm)  0 (>= 20,0 mm)
Heat Base: 18,3  Cool Base: 18,3  Method: Integration