NOAA-Style Climate Reports


Select a Year or Month report
2019: jan fév mar avr mai jui jui aoû sep oct nov déc
2018: jan fév mar avr mai jui jui aoû sep oct nov déc
2017: jan fév mar avr mai jui jui aoû sep oct nov déc
2016: jan fév mar avr mai jui jui aoû sep oct nov déc
2015: jan fév mar avr mai jui jui aoû sep oct nov déc
2014: jan fév mar avr mai jui jui aoû sep oct nov déc
2013: jan fév mar avr mai jui jui aoû sep oct nov déc

Report for 2015 mars
                   Monthly Climatological Summary for mars 2015

Name: Achiet le grand   City: Pas de Calais   State: France
Elevation: 124 m  Lat: N 50° 07' 53"   Lon: E 002° 47' 00"

                  Temperature (°C), Rain (mm), Wind Speed (km/h)

                                      Heat  Cool        Avg
    Mean                              Deg   Deg         Wind                 Dom
Day Temp  High   Time   Low    Time   Days  Days  Rain  Speed High   Time    Dir
----------------------------------------------------------------------------------
 1   8,4  10,7   16:30   6,3   00:25   9,9   0,0   4,0   7,9  46,7   13:35   WNW
 2   5,1   7,7   00:05   2,3   23:55  13,3   0,0   2,6   8,4  57,9   12:05   SSW
 3   4,0   8,7   14:25   1,3   07:05  14,3   0,0   2,0   5,7  35,4   14:30   WSW
 4   3,9   8,5   13:30   0,2   03:15  14,4   0,0   1,4   3,6  25,7   11:05    NW
 5   4,3  10,1   15:00  -0,6   07:15  14,1   0,0   0,2   1,5  16,1   11:55   SSW
 6   5,3  11,0   16:20   0,4   01:55  13,1   0,0   0,2   1,3  16,1   14:05     S
 7   6,2  11,5   16:00   1,6   06:25  12,2   0,0   0,0   2,7  27,4   11:50   SSW
 8   7,9  16,5   15:30   1,8   07:55  10,4   0,0   0,0   3,6  25,7   19:45    NW
 9   8,4  10,6   16:40   7,1   07:00  10,0   0,0   0,0   1,7  16,1   13:00   WSW
10   8,6  13,1   14:55   3,2   23:55   9,7   0,0   0,2   1,6  17,7   10:50   NNE
11   5,9  12,7   15:35   1,0   07:15  12,6   0,0   0,2   0,9  12,9   13:10     E
12   7,0  13,7   16:20   0,4   03:05  11,3   0,0   0,2   1,7  24,1   12:55    SE
13   5,6  11,1   15:25   0,1   07:40  12,7   0,0   0,0   1,3  19,3   13:50    NE
14   4,6   9,4   14:40   0,9   04:20  13,8   0,0   0,4   5,2  27,4   16:05    NE
15   4,2   6,7   14:55   2,7   07:25  14,1   0,0   0,2   2,8  17,7   12:20   ENE
16   5,3  12,0   16:30   0,2   06:30  13,1   0,0   0,2   0,4  11,3   12:20   ENE
17   8,6  16,8   16:15   1,7   07:30   9,8   0,0   0,0   0,4   9,7   09:00   NNE
18   7,0  11,7   15:45   4,2   04:40  11,3   0,0   0,0   5,7  27,4   23:15    NE
19   5,7   6,8   16:20   4,9   00:50  12,6   0,0   0,0   4,7  25,7   00:25   NNE
20   6,1   9,2   15:10   3,2   22:55  12,3   0,0   0,0   3,2  19,3   11:50    NW
21   5,2   8,6   14:25   2,0   04:40  13,1   0,0   0,2   5,4  45,1   14:00    NE
22   4,7   7,1   17:05   0,7   23:59  13,6   0,0   0,0   4,3  22,5   03:50   NNE
23   4,4  11,7   14:30  -1,9   06:35  13,9   0,0   0,2   0,8  16,1   17:55    NW
24   4,1  10,2   13:00  -0,9   04:30  14,2   0,0   3,8   1,1  14,5   23:05    NW
25   4,2   7,2   14:10   0,1   23:55  14,1   0,0   3,2   4,2  24,1   16:35   SSW
26   3,6   7,8   18:10  -1,3   05:00  14,8   0,0   2,0   3,7  37,0   11:40    NW
27   6,2  10,9   17:00   2,3   06:45  12,2   0,0   0,0   3,5  24,1   12:15   SSE
28   8,4  14,1   16:15   2,5   00:05   9,9   0,0   2,0   4,8  37,0   22:15    SW
29   9,8  11,3   13:45   8,3   06:45   8,2   0,0  12,4  11,0  56,3   19:25   WNW
30   8,4  10,3   13:15   7,1   08:35   9,9   0,0   0,8   9,9  43,5   03:40    SW
31   9,7  12,1   16:40   5,9   23:35   8,6   0,0   3,8  16,0  57,9   06:10    NW
----------------------------------------------------------------------------------
     6,2  16,8    17    -1,9    23   377,5   0,0  40,2   4,1  57,9     2     WNW

Max >=  27,0:  0
Max <=   0,0:  0
Min <=   0,0:  4
Min <= -18,0:  0
Max Rain: 12,4 on day 29
Days of Rain: 21 (>= 0,2 mm)  9 (>= 2,0 mm)  0 (>= 20,0 mm)
Heat Base: 18,3  Cool Base: 18,3  Method: Integration