NOAA-Style Climate Reports


Select a Year or Month report
2019: jan fév mar avr mai jui jui aoû sep oct nov déc
2018: jan fév mar avr mai jui jui aoû sep oct nov déc
2017: jan fév mar avr mai jui jui aoû sep oct nov déc
2016: jan fév mar avr mai jui jui aoû sep oct nov déc
2015: jan fév mar avr mai jui jui aoû sep oct nov déc
2014: jan fév mar avr mai jui jui aoû sep oct nov déc
2013: jan fév mar avr mai jui jui aoû sep oct nov déc

Report for 2015 janvier
                   Monthly Climatological Summary for janv. 2015

Name: Achiet le grand   City: Pas de Calais   State: France
Elevation: 124 m  Lat: N 50° 07' 53"   Lon: E 002° 47' 00"

                  Temperature (°C), Rain (mm), Wind Speed (km/h)

                                      Heat  Cool        Avg
    Mean                              Deg   Deg         Wind                 Dom
Day Temp  High   Time   Low    Time   Days  Days  Rain  Speed High   Time    Dir
----------------------------------------------------------------------------------
 1   0,7   3,4   14:00  -1,1   03:00  17,6   0,0   0,4   4,1  29,0   22:25     S
 2   5,2   9,1   12:45   1,1   23:59  13,2   0,0   1,0   4,9  35,4   05:10    SW
 3   3,8  10,9   16:55   0,7   01:10  14,6   0,0   9,4   4,7  46,7   16:35   NNE
 4   2,4   6,4   14:05  -0,5   22:30  15,9   0,0   0,2   0,2  11,3   11:25     S
 5  -0,4   0,7   10:45  -1,8   23:59  18,8   0,0   0,2   3,3  17,7   14:40     S
 6  -0,3   3,6   23:00  -2,4   04:30  18,7   0,0   0,0   3,2  19,3   17:40    NW
 7   0,9   3,0   23:25  -0,6   06:50  17,4   0,0   0,2   2,7  20,9   18:50   SSW
 8   6,2   9,3   15:00   2,9   00:05  12,2   0,0  10,2   6,4  43,5   15:05    SW
 9   9,2  13,9   22:30   5,7   00:05   9,1   0,0   1,6   9,3  48,3   23:59   WSW
10  10,2  13,3   00:05   4,6   23:45   8,1   0,0   1,4  10,3  49,9   14:30   WNW
11   5,0   7,1   13:50   2,4   05:40  13,3   0,0   0,4   6,2  33,8   13:55   SSW
12   7,1   8,9   23:25   5,7   04:50  11,2   0,0   0,0   9,2  37,0   06:50   SSW
13   8,0   9,3   06:15   4,4   23:50  10,3   0,0   2,6   7,2  46,7   11:30     W
14   3,9   6,2   23:59   0,7   10:50  14,4   0,0   5,2   7,0  38,6   10:15     S
15   7,6   9,6   12:15   4,8   23:59  10,7   0,0   7,0  10,9  45,1   09:20   SSW
16   3,9   6,6   15:15   1,2   23:59  14,4   0,0   5,0   2,2  20,9   16:55   WSW
17   1,4   5,3   14:20  -1,3   08:40  16,9   0,0   0,4   2,5  22,5   19:10     S
18   2,0   3,4   14:00   0,2   23:55  16,3   0,0   8,4   3,2  22,5   10:55   SSW
19   1,2   3,3   14:55  -0,1   03:00  17,2   0,0   3,2   0,8  12,9   08:40    NW
20  -0,9   1,2   12:10  -1,8   09:00  19,3   0,0   0,2   0,9  16,1   23:30    SE
21  -0,5   2,2   15:15  -1,8   23:45  18,8   0,0   0,0   2,4  17,7   05:55   NNE
22  -1,8   0,2   13:50  -3,1   07:10  20,1   0,0   0,2   3,0  17,7   14:20    NE
23  -0,8   3,2   14:10  -2,4   01:50  19,1   0,0   0,0   1,6  22,5   00:55     S
24   1,7   5,4   14:05  -2,1   00:15  16,6   0,0   2,4   5,8  30,6   12:25    NW
25   2,3   5,0   15:10  -0,3   05:45  16,0   0,0   0,2   0,9  14,5   15:10   SSW
26   5,9   8,9   15:10   3,6   00:30  12,4   0,0   1,0   4,5  25,7   18:05    NW
27   4,1   6,7   14:50   1,8   09:20  14,2   0,0   0,0   2,8  17,7   14:35   SSW
28   4,7   7,6   16:30   1,7   23:59  13,6   0,0   2,0   7,2  41,8   16:30   SSW
29   1,7   3,5   12:55   0,3   05:55  16,6   0,0  11,4   5,4  32,2   13:55    NW
30   0,8   3,1   16:45   0,1   09:10  17,5   0,0   3,6   2,7  22,5   03:35    SW
31   0,5   2,2   14:35  -0,9   07:05  17,8   0,0   2,0   1,5  17,7   23:40    NW
----------------------------------------------------------------------------------
     3,1  13,9     9    -3,1    22   472,3   0,0  79,8   4,4  49,9    10      SW

Max >=  27,0:  0
Max <=   0,0:  0
Min <=   0,0: 14
Min <= -18,0:  0
Max Rain: 11,4 on day 29
Days of Rain: 26 (>= 0,2 mm)  13 (>= 2,0 mm)  0 (>= 20,0 mm)
Heat Base: 18,3  Cool Base: 18,3  Method: Integration