NOAA-Style Climate Reports


Select a Year or Month report
2019: jan fév mar avr mai jui jui aoû sep oct nov déc
2018: jan fév mar avr mai jui jui aoû sep oct nov déc
2017: jan fév mar avr mai jui jui aoû sep oct nov déc
2016: jan fév mar avr mai jui jui aoû sep oct nov déc
2015: jan fév mar avr mai jui jui aoû sep oct nov déc
2014: jan fév mar avr mai jui jui aoû sep oct nov déc
2013: jan fév mar avr mai jui jui aoû sep oct nov déc

Report for 2014 janvier
                   Monthly Climatological Summary for janv. 2014

Name: Achiet le grand   City: Pas de Calais   State: France
Elevation: 124 m  Lat: N 50° 07' 53"   Lon: E 002° 47' 00"

                  Temperature (°C), Rain (mm), Wind Speed (km/h)

                                      Heat  Cool        Avg
    Mean                              Deg   Deg         Wind                 Dom
Day Temp  High   Time   Low    Time   Days  Days  Rain  Speed High   Time    Dir
----------------------------------------------------------------------------------
 1   6,4   8,8   23:55   4,1   04:00  11,9   0,0   6,6  11,7  41,8   21:30     S
 2   8,2   9,5   13:30   6,5   18:30  10,1   0,0   2,0   8,4  35,4   12:40     S
 3   8,8  11,8   14:05   6,4   16:10   9,6   0,0   2,6   9,8  38,6   04:10   SSW
 4   7,3   9,7   14:35   5,4   23:59  11,1   0,0   2,4   7,7  30,6   18:35    SW
 5   4,7   7,5   23:59   1,5   07:55  13,7   0,0   0,2   5,8  40,2   22:20     S
 6  10,5  12,3   11:20   7,4   00:05   7,8   0,0   2,4  10,6  41,8   19:55    SW
 7   9,1  11,7   14:40   7,8   08:20   9,2   0,0   0,0   8,6  32,2   13:20     S
 8   8,5  10,1   01:55   5,6   08:40   9,8   0,0   1,0   5,1  32,2   01:50     S
 9   8,4  10,6   11:50   4,5   23:59   9,9   0,0   4,6   7,1  40,2   15:40    SW
10   4,3   4,8   02:00   3,5   08:45  14,1   0,0   0,8   3,6  20,9   13:35     S
11   4,0   9,2   14:30  -0,3   23:59  14,3   0,0   0,0   2,7  19,3   14:35   SSW
12   1,3   4,8   23:40  -0,5   02:50  17,0   0,0   0,4   4,8  30,6   20:00   SSE
13   6,3   9,6   14:10   4,2   23:15  12,1   0,0   0,0   4,7  27,4   00:55   SSE
14   4,1   6,1   14:30   0,8   23:25  14,3   0,0   4,2   4,4  25,7   14:10     S
15   4,5   7,8   23:50   0,9   00:05  13,8   0,0   4,2   8,1  30,6   10:40     S
16   7,3   8,3   15:50   5,8   12:20  11,1   0,0   6,4   8,1  32,2   02:10     S
17   6,4   7,1   20:45   5,8   23:59  11,9   0,0  10,0   8,5  30,6   01:10   SSW
18   5,7   7,9   15:40   3,4   09:05  12,7   0,0   0,0   5,7  29,0   10:50    SE
19   6,3   8,6   14:15   4,7   23:15  12,1   0,0   0,8   1,7  17,7   01:40    NW
20   5,2   7,2   14:50   3,2   23:50  13,2   0,0   0,0   1,9  14,5   15:40     W
21   3,1   4,2   01:20   1,5   23:25  15,2   0,0   0,2   3,3  20,9   21:00   SSE
22   2,5   4,7   15:15   0,8   09:30  15,8   0,0   3,0   7,0  27,4   07:10     S
23   4,5   7,1   12:30   1,7   23:35  13,8   0,0   6,4   4,1  37,0   17:25    NW
24   2,9   6,9   14:55  -0,1   08:10  15,4   0,0   0,0   2,2  19,3   03:25   SSE
25   3,7   7,8   20:25   1,6   00:05  14,6   0,0   5,6   7,0  46,7   20:10   WNW
26   4,3   7,7   20:05   0,8   08:10  14,1   0,0   8,8   6,9  40,2   15:00   WSW
27   2,2   4,5   00:05   0,2   12:25  16,1   0,0  13,0   4,8  27,4   06:25     S
28   3,2   4,9   14:55   1,4   01:40  15,1   0,0   5,2   9,4  33,8   14:40    SE
29   2,8   4,2   13:10   1,9   16:45  15,5   0,0   3,8   4,1  32,2   14:00   SSE
30   4,1   5,5   15:15   2,9   09:00  14,3   0,0   0,8   2,1  14,5   05:40   SSW
31   3,9   6,3   14:55   1,5   02:25  14,4   0,0   5,0   6,1  41,8   23:25   SSE
----------------------------------------------------------------------------------
     5,3  12,3     6    -0,5    12   404,0   0,0 100,4   6,0  46,7    25       S

Max >=  27,0:  0
Max <=   0,0:  0
Min <=   0,0:  3
Min <= -18,0:  0
Max Rain: 13,0 on day 27
Days of Rain: 25 (>= 0,2 mm)  18 (>= 2,0 mm)  0 (>= 20,0 mm)
Heat Base: 18,3  Cool Base: 18,3  Method: Integration