NOAA-Style Climate Reports


Select a Year or Month report
2019: jan fév mar avr mai jui jui aoû sep oct nov déc
2018: jan fév mar avr mai jui jui aoû sep oct nov déc
2017: jan fév mar avr mai jui jui aoû sep oct nov déc
2016: jan fév mar avr mai jui jui aoû sep oct nov déc
2015: jan fév mar avr mai jui jui aoû sep oct nov déc
2014: jan fév mar avr mai jui jui aoû sep oct nov déc
2013: jan fév mar avr mai jui jui aoû sep oct nov déc

Report for 2013 décembre
                   Monthly Climatological Summary for déc. 2013

Name: Achiet le grand   City: Pas de Calais   State: France
Elevation: 124 m  Lat: N 50° 07' 53"   Lon: E 002° 47' 00"

                  Temperature (°C), Rain (mm), Wind Speed (km/h)

                                      Heat  Cool        Avg
    Mean                              Deg   Deg         Wind                 Dom
Day Temp  High   Time   Low    Time   Days  Days  Rain  Speed High   Time    Dir
----------------------------------------------------------------------------------
 1   6,3   9,3   14:25   5,2   06:50  12,1   0,0   0,2   1,4  12,9   12:50   NNE
 2   5,6   8,2   14:20   0,8   23:59  12,7   0,0   0,2   2,3  20,9   11:50   NNE
 3   1,0   4,8   14:50  -2,4   08:40  17,3   0,0   0,2   0,4   9,7   13:15    SW
 4   4,8   7,6   16:05   2,1   00:05  13,6   0,0   0,8   1,8  17,7   19:10    NW
 5   3,7   9,0   19:10  -0,8   08:05  14,7   0,0   1,8   5,8  45,1   19:35     W
 6   3,9   5,9   13:50   1,9   08:15  14,4   0,0   0,0   4,7  25,7   13:40    SW
 7   5,7   7,7   14:45   3,9   05:00  12,7   0,0   0,0   2,0  12,9   13:40   SSW
 8   5,9   8,1   12:45   3,6   21:25  12,4   0,0   0,4   2,5  19,3   14:00    SW
 9   3,7   7,1   13:15   0,8   23:30  14,7   0,0   0,2   1,7  12,9   03:35     S
10   2,0   6,7   14:40  -0,4   09:15  16,4   0,0   0,2   1,6  11,3   10:20     S
11   1,7   5,9   14:45  -0,7   08:25  16,7   0,0   0,4   2,1  16,1   22:05   SSE
12  -0,8   0,6   14:25  -1,7   09:05  19,2   0,0   0,2   5,4  17,7   07:25   SSW
13   0,3   2,7   23:59  -1,9   07:40  18,0   0,0   2,0   4,8  22,5   20:40    SW
14   4,8   8,1   14:45   2,1   09:15  13,5   0,0   1,2   4,3  38,6   22:30     S
15   6,1   7,9   15:30   4,9   01:20  12,3   0,0   0,2   7,0  29,0   00:05     S
16   6,7   9,2   14:10   4,6   07:55  11,7   0,0   0,2   6,9  29,0   03:35     S
17   5,4   7,4   23:35   3,8   06:35  12,9   0,0   0,0   3,2  20,9   01:55     S
18   6,9   8,7   23:05   4,4   09:00  11,4   0,0   0,4   7,3  40,2   22:20   SSE
19   6,4   8,5   14:10   3,1   22:55  11,9   0,0   9,8   4,7  37,0   00:45   SSW
20   4,1   7,4   14:25   1,1   08:20  14,3   0,0   0,6   3,4  22,5   12:30   SSW
21   5,1   6,4   14:40   3,6   00:05  13,2   0,0   1,4  10,4  38,6   18:15   SSW
22   7,4  10,1   12:55   5,1   00:05  10,9   0,0   3,0   8,0  33,8   00:25    SW
23   7,4  10,7   19:50   4,0   07:05  10,9   0,0   0,2  10,4  48,3   20:55   SSW
24   9,1  10,6   00:05   6,6   19:55   9,2   0,0  22,0  14,2  59,5   07:00     S
25   6,1   7,9   02:45   4,5   21:00  12,3   0,0   3,2   5,5  32,2   03:30   SSE
26   4,6   7,7   14:10   3,1   23:45  13,7   0,0   0,2   2,4  19,3   14:45     S
27   6,8   9,3   13:20   3,1   00:05  11,5   0,0   9,8   9,1  48,3   09:30    SW
28   5,8   8,1   13:30   3,3   22:35  12,5   0,0   5,6   1,7  17,7   23:59   SSW
29   4,3   7,7   14:40   2,1   23:35  14,1   0,0   1,4   2,3  19,3   15:35     S
30   4,1   5,9   15:00   1,7   01:40  14,2   0,0   2,6   9,7  45,1   11:55     S
31   5,5   6,7   14:45   4,8   07:30  12,8   0,0   6,6   8,3  30,6   16:50   SSW
----------------------------------------------------------------------------------
     4,9  10,7    23    -2,4     3   418,2   0,0  75,0   5,0  59,5    24     SSW

Max >=  27,0:  0
Max <=   0,0:  0
Min <=   0,0:  6
Min <= -18,0:  0
Max Rain: 22,0 on day 24
Days of Rain: 28 (>= 0,2 mm)  9 (>= 2,0 mm)  1 (>= 20,0 mm)
Heat Base: 18,3  Cool Base: 18,3  Method: Integration