NOAA-Style Climate Reports


Select a Year or Month report
2019: jan fév mar avr mai jui jui aoû sep oct nov déc
2018: jan fév mar avr mai jui jui aoû sep oct nov déc
2017: jan fév mar avr mai jui jui aoû sep oct nov déc
2016: jan fév mar avr mai jui jui aoû sep oct nov déc
2015: jan fév mar avr mai jui jui aoû sep oct nov déc
2014: jan fév mar avr mai jui jui aoû sep oct nov déc
2013: jan fév mar avr mai jui jui aoû sep oct nov déc

Report for 2013 novembre
                   Monthly Climatological Summary for nov. 2013

Name: Achiet le grand   City: Pas de Calais   State: France
Elevation: 124 m  Lat: N 50° 07' 53"   Lon: E 002° 47' 00"

                  Temperature (°C), Rain (mm), Wind Speed (km/h)

                                      Heat  Cool        Avg
    Mean                              Deg   Deg         Wind                 Dom
Day Temp  High   Time   Low    Time   Days  Days  Rain  Speed High   Time    Dir
----------------------------------------------------------------------------------
 1   9,6  11,3   11:55   8,1   22:00   8,7   0,0   9,2   5,8  25,7   11:30     S
 2  11,7  14,1   14:20   9,1   00:05   6,7   0,0   4,4   6,5  33,8   19:35    SW
 3   7,7   9,2   00:05   5,9   07:25  10,7   0,0  17,6   7,7  35,4   12:40   SSE
 4   8,3  11,6   05:40   2,6   23:59  10,1   0,0   7,2   7,9  40,2   01:20    SW
 5   6,4  10,2   17:35   2,3   01:00  11,9   0,0   7,0   5,6  37,0   17:55   WNW
 6  11,2  13,4   15:05   8,6   04:00   7,1   0,0   6,8   4,8  29,0   23:50    SW
 7  11,9  13,3   00:05   8,7   23:20   6,4   0,0  11,2   4,0  27,4   00:05    NW
 8   9,0  11,4   14:40   7,6   08:25   9,3   0,0   6,0   2,3  24,1   20:55    SW
 9   7,1   8,8   13:35   5,3   07:55  11,2   0,0   3,6   5,1  35,4   15:45     S
10   6,4   8,3   14:50   4,3   23:59  11,9   0,0   4,0   5,1  38,6   11:35    NW
11   5,2   8,9   13:15   0,7   07:50  13,1   0,0   0,2   5,3  29,0   22:40     S
12   7,4   9,3   17:50   6,0   05:30  10,9   0,0   3,4   5,2  25,7   00:10   NNE
13   6,0  11,5   15:20   1,8   22:05  12,3   0,0   0,0   0,5  17,7   00:15     S
14   5,4   8,9   15:00   1,7   03:00  12,9   0,0   2,4   4,3  30,6   13:55    NW
15   6,8   9,7   13:10   4,9   21:35  11,5   0,0   0,6   4,6  29,0   12:30   ENE
16   4,2   5,2   00:10   3,1   10:05  14,1   0,0   0,0   1,4  16,1   19:55   NNE
17   4,3   5,8   14:00   3,2   01:40  14,0   0,0   0,2   0,4  14,5   13:10   NNE
18   3,9   4,4   00:05   3,4   17:25  14,4   0,0   0,0   1,1  12,9   18:55    SW
19   4,6   7,1   13:05   2,3   22:35  13,7   0,0   1,0   5,7  27,4   11:00   NNW
20   1,9   3,7   12:55  -0,5   23:40  16,4   0,0  11,8   4,9  30,6   15:15    SW
21   1,2   2,8   20:35  -0,7   06:55  17,2   0,0   0,4   2,7  22,5   18:15   NNE
22   2,7   5,2   14:20  -0,2   06:05  15,7   0,0   0,0   5,7  29,0   13:30    NE
23   3,8   6,0   14:05   1,7   07:45  14,5   0,0   0,2   5,3  24,1   09:50   NNE
24   4,9   8,2   14:15   1,3   02:25  13,4   0,0   0,0   3,2  25,7   16:55    NE
25   4,9   7,4   14:00   3,7   08:20  13,4   0,0   0,0   2,8  16,1   12:05   NNE
26   4,9   7,1   14:10   3,1   07:25  13,4   0,0   0,8   2,0  16,1   04:30    NW
27   3,8   6,6   11:25   1,7   20:55  14,5   0,0   0,0   0,5   9,7   00:20   SSW
28   5,2   7,4   19:35   2,3   00:05  13,1   0,0   0,2   1,0  11,3   13:25    NW
29   7,1   8,6   15:45   4,9   23:25  11,3   0,0   0,2   4,2  29,0   15:35    NW
30   6,2   9,8   14:20   4,6   22:30  12,1   0,0   0,0   4,8  24,1   02:55    NW
----------------------------------------------------------------------------------
     6,1  14,1     2    -0,7    21   365,9   0,0  98,4   4,0  40,2     4     WNW

Max >=  27,0:  0
Max <=   0,0:  0
Min <=   0,0:  3
Min <= -18,0:  0
Max Rain: 17,6 on day 3
Days of Rain: 22 (>= 0,2 mm)  13 (>= 2,0 mm)  0 (>= 20,0 mm)
Heat Base: 18,3  Cool Base: 18,3  Method: Integration