NOAA-Style Climate Reports


Select a Year or Month report
2019: jan fév mar avr mai jui jui aoû sep oct nov déc
2018: jan fév mar avr mai jui jui aoû sep oct nov déc
2017: jan fév mar avr mai jui jui aoû sep oct nov déc
2016: jan fév mar avr mai jui jui aoû sep oct nov déc
2015: jan fév mar avr mai jui jui aoû sep oct nov déc
2014: jan fév mar avr mai jui jui aoû sep oct nov déc
2013: jan fév mar avr mai jui jui aoû sep oct nov déc

Report for 2013 octobre
                   Monthly Climatological Summary for oct. 2013

Name: Achiet le grand   City: Pas de Calais   State: France
Elevation: 124 m  Lat: N 50° 07' 53"   Lon: E 002° 47' 00"

                  Temperature (°C), Rain (mm), Wind Speed (km/h)

                                      Heat  Cool        Avg
    Mean                              Deg   Deg         Wind                 Dom
Day Temp  High   Time   Low    Time   Days  Days  Rain  Speed High   Time    Dir
----------------------------------------------------------------------------------
 1  13,3  17,2   14:40  10,2   01:45   5,0   0,0   0,0   0,5  12,9   04:25   ENE
 2  14,5  21,4   16:55   8,9   04:00   4,2   0,4   0,0   0,4  19,3   22:00   SSE
 3  15,2  18,4   18:55  10,8   08:30   3,2   0,0   4,8   3,7  27,4   22:45   SSE
 4  17,4  20,4   16:45  14,2   23:40   1,2   0,3   0,6   4,7  24,1   07:55   WSW
 5  14,8  18,9   14:00  11,8   23:25   3,5   0,0   0,0   1,4  16,1   11:30    NW
 6  14,9  20,1   15:15  11,6   02:40   3,5   0,1   0,0   0,5  12,9   14:55   WNW
 7  13,7  20,9   15:40   8,2   07:00   4,9   0,3   0,2   0,3  14,5   15:40    NW
 8  13,7  19,5   16:10   8,0   07:45   4,7   0,1   0,0   1,1  12,9   19:00    NW
 9  13,7  16,3   15:45  11,7   02:35   4,6   0,0   2,2   2,8  20,9   23:59   NNW
10   8,1  12,0   00:05   6,6   05:30  10,3   0,0  30,0   8,2  41,8   18:20    NW
11   7,9  10,1   16:25   6,5   07:55  10,4   0,0   6,4   2,1  27,4   02:40   NNW
12   7,4  11,8   17:25   4,0   07:45  10,9   0,0   0,8   0,2  11,3   12:50   WSW
13   7,3   8,7   21:20   5,9   02:45  11,1   0,0  15,4   6,0  33,8   11:55   SSW
14   9,3  10,7   14:45   8,4   02:20   9,0   0,0   9,6   5,1  24,1   09:25     S
15  10,0  14,2   17:00   8,2   06:25   8,3   0,0   1,2   3,7  22,5   14:20   WSW
16   8,7  11,5   22:00   4,4   08:30   9,7   0,0   4,0   3,2  24,1   14:30    SW
17  12,3  16,3   16:45   9,9   03:35   6,0   0,0   0,4   4,1  27,4   14:35   SSE
18  10,1  12,0   15:50   6,8   07:40   8,2   0,0   0,4   0,7  16,1   18:10   SSE
19  12,4  16,3   17:25   9,0   07:50   5,9   0,0   0,2   4,4  20,9   13:30   SSW
20  13,8  16,8   14:15  11,7   23:15   4,5   0,0   2,0   5,4  25,7   12:55     S
21  14,3  18,4   15:50  11,7   01:00   4,0   0,0   0,6   5,9  25,7   10:20   SSE
22  16,1  19,7   15:30  13,9   03:40   2,3   0,1   0,0   6,5  25,7   10:00     S
23  15,3  18,7   15:20  11,7   23:59   3,0   0,0   1,6   6,4  35,4   12:40   SSW
24  11,9  14,6   15:40  10,1   10:05   6,4   0,0   0,0   1,6  19,3   15:40   SSE
25  14,5  17,3   13:40  12,5   05:15   3,8   0,0   1,6   5,0  29,0   08:55     S
26  15,8  19,7   15:30  13,7   09:20   2,6   0,1   0,0   5,2  25,7   15:10     S
27  13,7  15,6   13:55  12,2   22:25   4,7   0,0   4,8  10,1  40,2   06:05     S
28  12,8  14,9   10:15   8,7   23:55   5,6   0,0   1,4  10,9  48,3   12:05     S
29   8,6  12,4   13:55   6,4   22:00   9,8   0,0   6,8   5,0  27,4   15:10   SSW
30   7,9  13,3   16:00   4,2   07:10  10,4   0,0   0,6   1,3  14,5   03:15   SSW
31   8,6  12,4   12:45   4,6   07:10   9,7   0,0   0,2   5,0  25,7   12:35     S
----------------------------------------------------------------------------------
    12,2  21,4     2     4,0    12   191,4   1,4  95,8   3,9  48,3    28     SSW

Max >=  27,0:  0
Max <=   0,0:  0
Min <=   0,0:  0
Min <= -18,0:  0
Max Rain: 30,0 on day 10
Days of Rain: 23 (>= 0,2 mm)  10 (>= 2,0 mm)  1 (>= 20,0 mm)
Heat Base: 18,3  Cool Base: 18,3  Method: Integration