NOAA-Style Climate Reports


Select a Year or Month report
2019: jan fév mar avr mai jui jui aoû sep oct nov déc
2018: jan fév mar avr mai jui jui aoû sep oct nov déc
2017: jan fév mar avr mai jui jui aoû sep oct nov déc
2016: jan fév mar avr mai jui jui aoû sep oct nov déc
2015: jan fév mar avr mai jui jui aoû sep oct nov déc
2014: jan fév mar avr mai jui jui aoû sep oct nov déc
2013: jan fév mar avr mai jui jui aoû sep oct nov déc

Report for 2013 août
                   Monthly Climatological Summary for août 2013

Name: Achiet le grand   City: Pas de Calais   State: France
Elevation: 124 m  Lat: N 50° 07' 53"   Lon: E 002° 47' 00"

                  Temperature (°C), Rain (mm), Wind Speed (km/h)

                                      Heat  Cool        Avg
    Mean                              Deg   Deg         Wind                 Dom
Day Temp  High   Time   Low    Time   Days  Days  Rain  Speed High   Time    Dir
----------------------------------------------------------------------------------
 1  24,7  33,3   17:45  16,4   05:40   0,3   6,6   0,0   3,1  20,9   13:50   SSE
 2  24,7  32,7   17:30  18,3   06:40   0,0   6,3   0,0   3,6  25,7   12:35     S
 3  19,9  25,3   18:00  15,6   06:55   0,5   2,1   0,0   3,0  22,5   11:50   NNW
 4  20,1  26,9   16:50  13,6   06:50   1,3   3,0   0,0   1,5  17,7   16:30    SW
 5  21,1  28,4   15:15  13,7   06:55   1,2   3,8   0,0   2,8  22,5   21:40    NW
 6  19,1  25,3   17:40  14,1   07:00   1,1   1,8   0,0   1,8  17,7   00:10   NNE
 7  16,2  17,7   16:35  14,6   23:55   2,2   0,0  10,8   1,8  17,7   16:10   NNE
 8  16,9  22,5   19:05  12,2   06:35   2,4   1,0   0,2   1,6  17,7   16:05    SW
 9  16,8  24,1   14:30  11,3   06:05   2,8   1,3   0,0   3,4  25,7   15:55   SSW
10  16,3  21,6   15:45  11,8   04:05   2,6   0,6   0,0   2,9  19,3   15:20   WSW
11  15,8  22,5   17:10   9,4   05:00   3,4   0,9   0,0   2,9  22,5   16:40   WSW
12  16,4  21,1   17:50  12,6   23:59   2,4   0,4   0,0   3,0  25,7   19:10     W
13  15,5  20,1   15:50  10,8   07:25   3,1   0,3   0,0   3,5  25,7   12:25   WNW
14  17,1  23,4   18:30  10,9   07:10   2,5   1,3   0,0   1,8  20,9   14:25    SW
15  18,2  24,9   18:55  11,9   04:05   2,1   2,1   0,0   1,5  17,7   11:25    NW
16  19,2  27,6   14:00  13,8   03:50   1,5   2,3   0,2   2,4  22,5   16:00     W
17  19,2  26,0   17:10  14,7   07:10   1,1   1,9   0,6   3,3  25,7   14:45   SSE
18  18,1  21,6   14:45  15,2   23:59   0,8   0,6   5,0   3,6  20,9   07:55   WSW
19  16,9  22,3   16:50  13,5   06:35   2,1   0,7   0,0   3,8  22,5   14:10   WSW
20  16,7  25,2   18:10   9,3   07:45   3,3   1,7   0,2   1,0  12,9   10:40     S
21  18,6  26,6   17:10  10,6   07:30   2,4   2,7   0,0   0,8  11,3   10:50   SSE
22  18,9  24,5   16:55  13,3   07:00   1,4   2,1   0,0   0,6  16,1   16:25    NE
23  21,1  29,6   17:35  14,3   06:30   1,2   4,0   0,0   0,8  17,7   15:25     E
24  17,3  20,8   00:05  14,7   21:35   1,4   0,4   7,4   3,2  22,5   07:00   SSW
25  14,6  16,0   13:00  12,6   22:55   3,7   0,0   1,0   1,2  16,1   00:50   ENE
26  17,6  23,5   14:40  12,9   00:05   1,9   1,1   0,0   1,5  19,3   13:05   NNE
27  18,2  23,4   15:55  14,7   03:40   1,3   1,2   0,0   1,7  17,7   13:55     N
28  17,1  22,6   17:30  13,1   07:20   2,1   0,9   0,2   1,9  19,3   12:55     N
29  17,1  24,6   17:50  11,7   07:40   2,7   1,5   0,2   1,1  16,1   17:20    SW
30  16,2  23,2   17:05  10,2   07:20   3,1   0,9   0,0   2,3  17,7   13:35    SW
31  17,2  21,6   16:05  10,8   23:59   1,8   0,7   0,0   2,8  24,1   14:55   NNW
----------------------------------------------------------------------------------
    18,2  33,3     1     9,3    20    59,7  54,2  25,8   2,3  25,7     2     WSW

Max >=  27,0:  5
Max <=   0,0:  0
Min <=   0,0:  0
Min <= -18,0:  0
Max Rain: 10,8 on day 7
Days of Rain: 10 (>= 0,2 mm)  3 (>= 2,0 mm)  0 (>= 20,0 mm)
Heat Base: 18,3  Cool Base: 18,3  Method: Integration