NOAA-Style Climate Reports


Select a Year or Month report
2019: jan fév mar avr mai jui jui aoû sep oct nov déc
2018: jan fév mar avr mai jui jui aoû sep oct nov déc
2017: jan fév mar avr mai jui jui aoû sep oct nov déc
2016: jan fév mar avr mai jui jui aoû sep oct nov déc
2015: jan fév mar avr mai jui jui aoû sep oct nov déc
2014: jan fév mar avr mai jui jui aoû sep oct nov déc
2013: jan fév mar avr mai jui jui aoû sep oct nov déc

Report for 2013 juillet
                   Monthly Climatological Summary for juil. 2013

Name: Achiet le grand   City: Pas de Calais   State: France
Elevation: 124 m  Lat: N 50° 07' 53"   Lon: E 002° 47' 00"

                  Temperature (°C), Rain (mm), Wind Speed (km/h)

                                      Heat  Cool        Avg
    Mean                              Deg   Deg         Wind                 Dom
Day Temp  High   Time   Low    Time   Days  Days  Rain  Speed High   Time    Dir
----------------------------------------------------------------------------------
 1  15,3  19,8   15:10  12,1   23:59   3,2   0,2   0,0   3,3  19,3   17:05   WNW
 2  16,2  22,3   17:45   9,3   05:35   3,3   1,2   0,4   2,6  17,7   12:10     S
 3  15,4  18,4   13:55  13,1   23:55   2,9   0,0   3,8   5,0  30,6   13:30    SW
 4  14,9  17,6   16:45  11,1   04:30   3,4   0,0   0,0   3,3  17,7   08:10   WNW
 5  17,1  22,3   16:15  13,7   05:30   2,1   0,8   0,0   1,5  17,7   01:20    NW
 6  19,8  28,0   18:30  12,1   06:20   1,9   3,4   0,0   0,8  12,9   13:30   NNE
 7  21,5  28,5   17:20  15,2   06:40   0,6   3,8   0,0   2,0  19,3   16:05   NNE
 8  20,3  27,7   18:25  13,6   05:20   1,3   3,3   0,0   2,5  22,5   13:25    NE
 9  20,0  27,2   16:45  14,7   06:05   1,2   2,8   0,0   3,0  19,3   13:35    NE
10  17,3  24,9   16:00  12,7   05:35   2,5   1,4   0,0   4,2  32,2   18:55   NNE
11  15,4  21,9   17:50  11,3   03:00   3,5   0,6   0,0   3,6  25,7   06:00    NE
12  14,9  22,2   17:55   8,9   05:40   4,0   0,6   0,0   2,3  24,1   18:30    NE
13  17,2  24,9   17:10  10,6   04:30   2,8   1,7   0,0   1,5  14,5   10:50   NNW
14  19,7  28,1   17:05  11,7   06:15   2,1   3,4   0,0   1,3  12,9   15:50   NNW
15  21,7  28,8   16:35  14,1   05:35   0,7   4,0   0,0   0,7  11,3   20:40     N
16  20,4  28,7   16:45  13,2   05:55   1,3   3,3   0,0   0,7  12,9   13:40   NNE
17  21,3  28,3   15:15  16,0   05:45   0,4   3,4   0,0   1,3  17,7   20:10   NNW
18  21,5  29,0   16:00  15,5   06:35   0,6   3,7   0,0   2,9  27,4   17:20   NNE
19  21,7  28,8   17:45  15,3   05:40   0,8   4,2   0,0   2,7  20,9   13:45    NE
20  20,6  26,5   16:55  15,1   06:10   0,7   2,9   0,0   2,4  17,7   16:15   NNE
21  23,1  32,7   18:05  14,1   06:20   1,1   5,8   0,0   0,8  11,3   01:20   NNE
22  25,2  33,4   15:20  18,9   07:00   0,0   6,9   0,0   0,4  12,9   16:15    NE
23  21,6  32,1   13:55  18,3   05:40   0,0   3,2  45,8   1,3  41,8   14:40    NW
24  20,5  27,1   19:25  15,7   05:50   0,8   2,9   0,0   1,7  14,5   04:20   NNE
25  22,1  28,4   17:55  16,7   06:15   0,2   3,9   0,0   2,1  19,3   18:30   WSW
26  21,2  27,5   17:30  18,2   06:15   0,0   2,8   4,4   1,3  24,1   18:15   NNW
27  20,6  28,4   17:35  16,6   08:45   0,3   2,6  24,0   1,0  24,1   07:40   SSW
28  19,4  24,6   19:00  15,3   06:40   0,8   1,9   0,2   3,8  22,5   04:20     S
29  18,6  24,2   15:15  14,3   06:35   1,2   1,4   2,2   3,6  29,0   19:35    SW
30  16,2  19,1   19:35  13,2   04:55   2,2   0,1  16,6   4,3  27,4   17:10   SSW
31  20,0  26,6   17:45  15,9   06:15   0,7   2,4   0,0   3,3  25,7   04:10   SSE
----------------------------------------------------------------------------------
    19,4  33,4    22     8,9    12    46,6  78,6  97,4   2,3  41,8    23     NNW

Max >=  27,0: 17
Max <=   0,0:  0
Min <=   0,0:  0
Min <= -18,0:  0
Max Rain: 45,8 on day 23
Days of Rain: 8 (>= 0,2 mm)  6 (>= 2,0 mm)  2 (>= 20,0 mm)
Heat Base: 18,3  Cool Base: 18,3  Method: Integration