NOAA-Style Climate Reports


Select a Year or Month report
2019: jan fév mar avr mai jui jui aoû sep oct nov déc
2018: jan fév mar avr mai jui jui aoû sep oct nov déc
2017: jan fév mar avr mai jui jui aoû sep oct nov déc
2016: jan fév mar avr mai jui jui aoû sep oct nov déc
2015: jan fév mar avr mai jui jui aoû sep oct nov déc
2014: jan fév mar avr mai jui jui aoû sep oct nov déc
2013: jan fév mar avr mai jui jui aoû sep oct nov déc

Report for 2013 juin
                   Monthly Climatological Summary for juin 2013

Name: Achiet le grand   City: Pas de Calais   State: France
Elevation: 124 m  Lat: N 50° 07' 53"   Lon: E 002° 47' 00"

                  Temperature (°C), Rain (mm), Wind Speed (km/h)

                                      Heat  Cool        Avg
    Mean                              Deg   Deg         Wind                 Dom
Day Temp  High   Time   Low    Time   Days  Days  Rain  Speed High   Time    Dir
----------------------------------------------------------------------------------
 1  12,7  18,3   14:35   8,4   07:35   5,6   0,0   0,0   5,8  24,1   13:25   NNE
 2  12,2  17,3   15:50   6,4   05:25   6,2   0,0   0,0   4,0  29,0   18:50   NNE
 3  11,0  16,1   16:45   7,2   01:50   7,3   0,0   0,0   4,3  22,5   14:40   NNE
 4  11,8  19,2   18:35   6,4   04:40   6,6   0,1   0,0   3,7  24,1   13:50   NNE
 5  15,2  24,2   17:00   7,7   05:15   4,6   1,4   0,0   3,2  20,9   13:15   NNE
 6  18,5  28,3   18:25   9,7   06:25   3,1   3,2   0,0   2,7  16,1   11:05   NNE
 7  20,3  28,3   16:50  12,8   06:30   1,6   3,5   0,0   2,3  19,3   15:00   NNE
 8  16,0  23,6   16:10  11,1   05:00   3,4   1,1   0,0   5,6  29,0   18:35   NNE
 9  13,1  18,6   15:40   9,7   23:59   5,3   0,0   0,0   5,0  25,7   09:45   NNE
10  12,8  18,8   17:40   7,6   06:15   5,6   0,0   0,0   2,1  17,7   00:10   NNE
11  15,7  20,9   15:00   9,7   04:05   3,2   0,5   0,0   3,2  20,9   18:30     S
12  17,7  22,2   15:00  14,6   06:00   1,4   0,8   0,2   6,1  25,7   17:40     S
13  15,6  17,9   03:45  11,0   23:59   2,7   0,0   3,4   5,9  30,6   20:35    SW
14  13,8  20,3   17:50   8,2   03:15   4,7   0,2   0,0   3,1  17,7   16:20   SSE
15  14,7  19,1   18:05  10,9   03:10   3,7   0,0   0,0   5,7  32,2   11:05   WNW
16  14,7  19,4   16:55  10,6   01:55   3,7   0,1   0,4   1,7  11,3   02:20   NNE
17  16,4  24,7   17:45  11,4   05:20   2,9   1,1   1,6   1,4  16,1   15:10   SSE
18  22,4  30,1   18:45  16,4   06:45   0,2   4,3   0,6   1,7  14,5   21:05    SW
19  20,1  26,4   17:00  16,6   06:45   0,3   2,1  22,2   3,3  32,2   09:55    SE
20  19,1  24,4   17:10  16,7   23:59   0,6   1,3   3,8   1,6  25,7   19:40    NW
21  15,1  17,2   19:25  13,8   09:45   3,3   0,0  20,0   3,5  25,7   14:00     S
22  14,2  16,0   09:10  11,7   23:59   4,1   0,0   4,2   5,6  30,6   14:10    SW
23  13,2  17,0   17:20  11,3   05:50   5,2   0,0   1,0   7,7  33,8   17:00    NW
24  12,8  14,9   15:00  11,2   06:05   5,5   0,0   0,0   4,9  27,4   15:35    NW
25  14,5  19,2   15:25  10,7   05:05   3,9   0,1   0,0   3,1  20,9   12:15   NNW
26  13,9  20,3   13:20   6,8   05:40   4,5   0,1   0,0   1,8  14,5   12:00    SW
27  13,9  18,4   17:25  10,8   06:10   4,4   0,0   2,8   3,2  22,5   02:00   WNW
28  13,4  16,2   15:00  11,1   03:10   4,9   0,0   5,6   2,6  16,1   12:25   WSW
29  15,4  18,4   16:45  11,7   23:55   3,0   0,0   0,6   4,7  25,7   03:00    NW
30  15,8  21,1   16:45  10,1   02:50   3,1   0,6   0,2   2,8  19,3   17:25    SW
----------------------------------------------------------------------------------
    15,2  30,1    18     6,4     2   114,6  20,5  66,6   3,7  33,8    23      NW

Max >=  27,0:  3
Max <=   0,0:  0
Min <=   0,0:  0
Min <= -18,0:  0
Max Rain: 22,2 on day 19
Days of Rain: 14 (>= 0,2 mm)  7 (>= 2,0 mm)  2 (>= 20,0 mm)
Heat Base: 18,3  Cool Base: 18,3  Method: Integration