NOAA-Style Climate Reports


Select a Year or Month report
2019: jan fév mar avr mai jui jui aoû sep oct nov déc
2018: jan fév mar avr mai jui jui aoû sep oct nov déc
2017: jan fév mar avr mai jui jui aoû sep oct nov déc
2016: jan fév mar avr mai jui jui aoû sep oct nov déc
2015: jan fév mar avr mai jui jui aoû sep oct nov déc
2014: jan fév mar avr mai jui jui aoû sep oct nov déc
2013: jan fév mar avr mai jui jui aoû sep oct nov déc

Report for 2013 mai
                   Monthly Climatological Summary for mai 2013

Name: Achiet le grand   City: Pas de Calais   State: France
Elevation: 124 m  Lat: N 50° 07' 53"   Lon: E 002° 47' 00"

                  Temperature (°C), Rain (mm), Wind Speed (km/h)

                                      Heat  Cool        Avg
    Mean                              Deg   Deg         Wind                 Dom
Day Temp  High   Time   Low    Time   Days  Days  Rain  Speed High   Time    Dir
----------------------------------------------------------------------------------
 1  11,4  18,3   14:55   4,8   06:55   6,9   0,0   2,8   3,8  27,4   15:35   NNE
 2  10,2  13,6   18:15   8,1   06:55   8,1   0,0   0,2   2,9  19,3   00:20    NW
 3  11,8  18,6   14:35   6,3   06:00   6,5   0,0   0,0   4,4  19,3   09:55   WNW
 4   9,8  13,7   18:05   6,1   03:30   8,6   0,0   0,2   4,2  22,5   13:35   SSW
 5  12,3  18,4   16:40   6,6   07:05   6,1   0,0   0,2   2,2  16,1   13:15     W
 6  13,2  18,9   15:15   6,6   06:15   5,2   0,1   0,0   1,2  11,3   10:00    NW
 7  15,6  22,7   17:40  10,9   06:35   3,7   0,9   1,2   2,3  20,9   11:30   SSW
 8  13,2  18,4   16:00   9,3   05:45   5,2   0,0  10,4   3,2  24,1   14:30     S
 9  11,7  16,1   18:25   7,2   06:50   6,6   0,0   0,6   5,0  30,6   00:40     S
10  10,5  13,7   19:10   7,4   23:10   7,8   0,0   2,8   5,3  29,0   15:00     S
11  10,0  13,3   12:40   7,4   01:05   8,3   0,0   3,2   5,7  30,6   14:05    SW
12   9,5  14,2   17:50   5,6   05:30   8,8   0,0   2,4   7,0  33,8   13:55   WSW
13  10,9  13,8   16:40   8,9   00:05   7,4   0,0   1,8   7,0  33,8   17:35   WSW
14   9,4  11,1   12:15   7,3   06:50   8,9   0,0   1,2   5,0  25,7   15:10   SSE
15  11,2  15,3   18:55   7,3   06:30   7,2   0,0   0,8   6,0  32,2   13:40   NNW
16   9,5  13,3   14:10   6,4   06:40   8,8   0,0   1,4   0,8  11,3   15:00   NNE
17   8,7  11,2   16:45   6,7   05:15   9,6   0,0   0,0   2,2  17,7   12:45     N
18  11,0  15,8   15:30   7,4   05:10   7,3   0,0   0,0   1,3  14,5   12:15   NNE
19  10,7  12,9   17:55   8,8   23:59   7,6   0,0   5,2   1,5  14,5   04:40   NNW
20   9,5  10,9   15:55   7,7   00:55   8,8   0,0   7,2   1,4  12,9   03:05    NW
21   8,9  10,2   00:05   7,8   23:59   9,4   0,0   7,8   5,4  25,7   12:20    NW
22   9,8  14,2   15:15   7,2   07:00   8,6   0,0   0,0   4,8  25,7   13:50    SW
23   6,8  10,0   15:15   2,9   23:45  11,5   0,0   3,0   4,9  33,8   17:55   WNW
24   4,8   8,6   17:20   1,5   05:05  13,6   0,0   5,6   2,1  19,3   09:35   SSW
25   8,7  14,1   16:35   3,8   06:40   9,6   0,0   0,6   4,1  27,4   15:45    NW
26  10,8  16,9   19:00   6,1   02:35   7,5   0,0   0,0   6,1  25,7   13:45   WSW
27  12,1  18,6   16:15   5,4   06:40   6,2   0,0   0,0   3,5  17,7   00:10   SSE
28  11,2  14,3   10:30   8,6   02:45   7,2   0,0   3,0   2,5  24,1   13:15   SSW
29   9,6  14,3   15:50   5,1   06:05   8,8   0,0   1,4   3,5  24,1   18:45   WNW
30  11,1  14,4   16:00   8,9   00:05   7,3   0,0   0,4   4,1  22,5   19:40   NNW
31  12,3  17,2   17:20   9,1   05:35   6,0   0,0   0,0   7,3  30,6   16:35   NNW
----------------------------------------------------------------------------------
    10,5  22,7     7     1,5    24   243,1   1,0  63,4   3,9  33,8    12       W

Max >=  27,0:  0
Max <=   0,0:  0
Min <=   0,0:  0
Min <= -18,0:  0
Max Rain: 10,4 on day 8
Days of Rain: 23 (>= 0,2 mm)  11 (>= 2,0 mm)  0 (>= 20,0 mm)
Heat Base: 18,3  Cool Base: 18,3  Method: Integration