NOAA-Style Climate Reports


Select a Year or Month report
2019: jan fév mar avr mai jui jui aoû sep oct nov déc
2018: jan fév mar avr mai jui jui aoû sep oct nov déc
2017: jan fév mar avr mai jui jui aoû sep oct nov déc
2016: jan fév mar avr mai jui jui aoû sep oct nov déc
2015: jan fév mar avr mai jui jui aoû sep oct nov déc
2014: jan fév mar avr mai jui jui aoû sep oct nov déc
2013: jan fév mar avr mai jui jui aoû sep oct nov déc

Report for 2013 mars
                   Monthly Climatological Summary for mars 2013

Name: Achiet le grand   City: Pas de Calais   State: France
Elevation: 124 m  Lat: N 50° 07' 53"   Lon: E 002° 47' 00"

                  Temperature (°C), Rain (mm), Wind Speed (km/h)

                                      Heat  Cool        Avg
    Mean                              Deg   Deg         Wind                 Dom
Day Temp  High   Time   Low    Time   Days  Days  Rain  Speed High   Time    Dir
----------------------------------------------------------------------------------
 1   1,7   3,6   16:05   0,2   06:30  16,7   0,0   0,0   2,9  30,6   19:10    NE
 2   1,2   2,3   15:55   0,3   07:15  17,2   0,0   0,0   1,9  14,5   02:35   NNE
 3   1,8   6,3   16:45   0,1   04:45  16,6   0,0   0,0   2,6  20,9   11:35   ENE
 4   4,3  11,3   16:45  -2,1   07:10  14,1   0,0   0,4   3,1  20,9   22:35    SE
 5   8,4  15,3   16:10   2,7   07:15   9,9   0,0   0,0   6,2  24,1   11:45    SE
 6  10,3  15,2   14:05   6,5   05:40   8,0   0,0   0,0   2,1  12,9   00:05    SE
 7   9,4  10,4   15:10   7,6   07:30   8,9   0,0   2,4   2,7  17,7   12:30    SE
 8   8,8  11,9   13:50   6,4   06:25   9,6   0,0   5,8   2,1  30,6   23:25   WNW
 9   8,6  11,4   13:40   6,8   23:55   9,8   0,0   1,0   4,7  29,0   01:35   WNW
10   2,9   6,8   00:05  -0,2   23:55  15,4   0,0   0,0   4,1  19,3   11:15    NE
11  -1,9  -0,2   00:05  -3,7   23:35  20,3   0,0   1,2   6,7  25,7   05:20    NE
12  -3,8  -2,2   15:40  -6,7   23:59  22,2   0,0   1,0   8,0  37,0   10:45   NNE
13  -2,9   2,0   13:50  -9,0   07:10  21,2   0,0   1,4   2,6  19,3   13:45    NW
14  -0,3   3,1   17:25  -3,8   23:55  18,7   0,0   3,2   4,3  24,1   14:55   SSW
15   0,3   4,4   16:05  -4,7   03:25  18,0   0,0   0,4   5,9  29,0   23:25     S
16   3,4   5,3   14:25   1,7   03:40  14,9   0,0   0,6  11,2  35,4   06:00   SSE
17   4,6   9,3   14:45   2,4   23:59  13,8   0,0   4,4   7,8  29,0   16:35    SW
18   3,4   8,2   14:05   0,4   02:15  14,9   0,0  11,0   3,9  25,7   10:00   WNW
19   4,9   9,6   16:15   2,6   06:25  13,4   0,0   1,0   2,6  16,1   10:10     S
20   3,6   5,2   16:50   1,7   23:50  14,7   0,0   1,8   4,0  27,4   13:30    NW
21   3,3   6,8   14:35   0,2   04:00  15,1   0,0   0,0   2,0  14,5   09:45   ENE
22   4,4  10,3   15:50  -0,1   05:05  13,9   0,0   0,0   4,2  22,5   17:45    NE
23   2,9   5,5   14:25   1,2   06:10  15,4   0,0   1,2   3,5  22,5   05:30   ENE
24   0,3   1,8   00:05  -0,8   07:55  18,1   0,0   0,0   4,7  22,5   16:00    NE
25   0,9   3,3   13:05  -0,8   07:00  17,4   0,0   0,0   4,0  19,3   12:55   NNE
26   1,7   5,4   14:40  -1,3   05:55  16,6   0,0   0,0   2,7  16,1   10:45   NNE
27   2,3   6,3   13:15  -1,4   02:40  16,1   0,0   0,0   1,3  16,1   11:50    NE
28   2,4   6,3   13:40  -0,2   21:05  15,9   0,0   0,0   2,4  22,5   18:20   NNW
29   1,1   4,4   13:00  -2,9   06:50  17,3   0,0   0,0   1,8  16,1   10:30   ENE
30   0,6   4,1   14:40  -2,3   07:05  17,8   0,0   0,0   3,2  25,7   11:45   NNE
31   0,1   3,2   13:55  -3,6   07:45  17,5   0,0   0,0   1,8  17,7   13:40   NNE
----------------------------------------------------------------------------------
     2,9  15,3     5    -9,0    13   479,4   0,0  36,8   3,9  37,0    12     ENE

Max >=  27,0:  0
Max <=   0,0:  2
Min <=   0,0: 16
Min <= -18,0:  0
Max Rain: 11,0 on day 18
Days of Rain: 15 (>= 0,2 mm)  5 (>= 2,0 mm)  0 (>= 20,0 mm)
Heat Base: 18,3  Cool Base: 18,3  Method: Integration