NOAA-Style Climate Reports


Select a Year or Month report
2019: jan fév mar avr mai jui jui aoû sep oct nov déc
2018: jan fév mar avr mai jui jui aoû sep oct nov déc
2017: jan fév mar avr mai jui jui aoû sep oct nov déc
2016: jan fév mar avr mai jui jui aoû sep oct nov déc
2015: jan fév mar avr mai jui jui aoû sep oct nov déc
2014: jan fév mar avr mai jui jui aoû sep oct nov déc
2013: jan fév mar avr mai jui jui aoû sep oct nov déc

Report for 2013 janvier
                   Monthly Climatological Summary for janv. 2013

Name: Achiet le grand   City: Pas de Calais   State: France
Elevation: 124 m  Lat: N 50° 07' 53"   Lon: E 002° 47' 00"

                  Temperature (°C), Rain (mm), Wind Speed (km/h)

                                      Heat  Cool        Avg
    Mean                              Deg   Deg         Wind                 Dom
Day Temp  High   Time   Low    Time   Days  Days  Rain  Speed High   Time    Dir
----------------------------------------------------------------------------------
 1   6,2   7,9   13:15   2,5   22:00  12,2   0,0   5,2   5,0  27,4   12:30    SW
 2   5,0   7,2   15:25   2,4   09:20  13,3   0,0   0,4   2,5  17,7   23:20    SW
 3   8,9  10,1   13:25   6,4   00:05   9,4   0,0   0,4   6,5  29,0   17:05   WNW
 4   8,5   9,3   00:05   7,8   23:50   9,8   0,0   0,0   4,5  20,9   09:00    NW
 5   7,9   8,9   15:55   6,9   09:35  10,4   0,0   0,0   3,3  17,7   21:40   WNW
 6   8,1   8,9   12:45   7,3   23:59  10,2   0,0   0,0   2,1  19,3   05:55    SW
 7   5,9   7,3   00:05   4,7   23:30  12,4   0,0   0,2   2,7  17,7   10:50   SSW
 8   4,8   5,6   11:40   4,1   21:25  13,6   0,0   0,0   2,8  14,5   15:05     S
 9   4,4   5,3   23:25   3,9   00:30  13,9   0,0   2,6   3,5  17,7   13:15   SSW
10   5,4   6,7   15:40   3,4   23:55  12,9   0,0   0,0   0,6   9,7   14:40   WSW
11   3,1   5,1   15:50   1,6   03:15  15,2   0,0   0,0   2,0  16,1   06:25    NW
12   1,9   3,4   16:30   0,3   07:50  16,4   0,0   4,0   1,2  11,3   09:05     E
13  -0,3   2,1   00:05  -3,0   23:50  18,6   0,0   0,0   2,9  19,3   18:15    NE
14  -2,4  -0,8   23:59  -4,6   09:10  20,8   0,0   0,2   4,7  35,4   21:25     S
15  -1,0   0,5   12:25  -4,8   23:59  19,3   0,0   1,8   2,8  27,4   14:05   NNW
16  -5,8  -1,4   14:55 -11,4   06:00  24,1   0,0   0,4   0,6   8,0   11:25   NNW
17  -8,1  -2,8   13:55 -12,5   08:35  26,4   0,0   0,2   0,5   9,7   14:10   ENE
18  -4,6  -2,2   20:05  -7,7   06:15  22,9   0,0   0,0   2,7  19,3   20:30     E
19  -2,7  -0,6   14:05  -3,9   23:45  21,1   0,0   0,4   3,2  19,3   19:45    NE
20  -4,7  -2,7   23:59  -5,6   09:10  23,0   0,0   0,0   3,2  17,7   07:25   SSE
21  -0,4   0,8   12:25  -2,7   00:05  18,8   0,0   2,6   2,0  16,1   02:35   WSW
22  -3,5  -1,2   00:05  -6,3   07:05  21,8   0,0   0,2   2,3  19,3   20:00   ENE
23  -1,5  -0,3   13:40  -2,2   09:25  19,8   0,0   0,0   1,7  12,9   00:35    NE
24  -3,7  -1,5   01:50  -7,5   22:25  22,1   0,0   0,0   1,8  16,1   19:00    NE
25  -5,3  -3,1   13:55 -10,7   03:05  23,6   0,0   0,0   3,8  27,4   20:50   SSE
26  -2,1   1,4   23:50  -4,8   06:00  20,4   0,0   0,0   7,2  29,0   01:40     S
27   2,9   6,1   15:50   1,3   00:05  15,4   0,0   0,6   7,5  40,2   06:25   SSW
28   4,2   7,2   23:59   1,1   04:00  14,2   0,0   1,4   5,9  32,2   19:00   SSW
29   9,9  11,8   21:50   7,2   00:05   8,4   0,0   8,6   9,8  33,8   11:35   SSW
30  10,4  12,6   06:40   6,8   23:59   7,9   0,0   4,4  11,5  45,1   15:20    SW
31   6,8   9,7   14:15   4,0   07:25  11,5   0,0   1,8   8,3  43,5   14:20   SSW
----------------------------------------------------------------------------------
     1,9  12,6    30   -12,5    17   509,8   0,0  35,4   3,8  45,1    30     SSW

Max >=  27,0:  0
Max <=   0,0: 10
Min <=   0,0: 14
Min <= -18,0:  0
Max Rain: 8,6 on day 29
Days of Rain: 18 (>= 0,2 mm)  6 (>= 2,0 mm)  0 (>= 20,0 mm)
Heat Base: 18,3  Cool Base: 18,3  Method: Integration