NOAA-Style Climate Reports



Report for 2018 juin
                   Monthly Climatological Summary for juin 2018

Name: Achiet le grand   City: Pas de Calais   State: France
Elevation: 124 m  Lat: N 50° 07' 53"   Lon: E 002° 47' 00"

                  Temperature (°C), Rain (mm), Wind Speed (km/h)

                                      Heat  Cool        Avg
    Mean                              Deg   Deg         Wind                 Dom
Day Temp  High   Time   Low    Time   Days  Days  Rain  Speed High   Time    Dir
----------------------------------------------------------------------------------
 1  16,3  20,2   12:07  14,4   05:42   2,2   0,2   0,2   3,0  18,0   13:54   WNW
 2  15,7  19,3   18:36  13,4   23:54   2,7   0,1   0,0   2,8  16,0   08:58     W
 3  18,4  25,8   16:23   9,3   05:10   2,6   2,7   0,0   2,0  16,0   14:51    NE
 4  17,8  23,6   16:06  14,2   05:19   1,7   1,2   0,0   4,8  23,0   15:53   NNE
 5  16,4  21,7   15:38  12,8   23:58   2,4   0,5   0,0   6,1  29,0   16:14   NNE
 6  18,2  27,3   17:32  11,6   01:34   2,5   2,4   1,8   5,2  24,0   00:18   NNE
 7  19,6  27,3   18:47  14,4   04:28   1,2   2,5   0,0   2,4  16,0   20:17   NNW
 8  17,0  23,3   16:38  13,9   23:52   2,0   0,7   0,0   3,7  18,0   19:29     N
 9  16,5  21,8   17:15  12,6   02:56   2,4   0,7   0,0   2,9  16,0   03:50   NNE
10  17,9  24,6   18:16  13,6   02:46   1,9   1,5   0,0   3,8  18,0   13:43   NNE
11  17,3  22,2   16:00  13,6   04:50   1,7   0,7   0,0   3,7  26,0   15:22   NNE
12  16,4  20,1   16:34  11,8   23:51   2,0   0,2   0,2   4,8  24,0   18:55   NNE
13  14,7  22,1   17:27   9,3   03:50   4,0   0,4   0,0   3,3  19,0   11:26   NNW
----------------------------------------------------------------------------------
    17,1  27,3     6     9,3     3    29,3  13,8   2,2   3,7  29,0     5       N

Max >=  27,0:  2
Max <=   0,0:  0
Min <=   0,0:  0
Min <= -18,0:  0
Max Rain: 1,8 on day 6
Days of Rain: 3 (>= 0,2 mm)  0 (>= 2,0 mm)  0 (>= 20,0 mm)
Heat Base: 18,3  Cool Base: 18,3  Method: Integration