NOAA-Style Climate Reports


Select a Year or Month report
2019: jan fév mar avr mai jui jui aoû sep oct nov déc
2018: jan fév mar avr mai jui jui aoû sep oct nov déc
2017: jan fév mar avr mai jui jui aoû sep oct nov déc
2016: jan fév mar avr mai jui jui aoû sep oct nov déc
2015: jan fév mar avr mai jui jui aoû sep oct nov déc
2014: jan fév mar avr mai jui jui aoû sep oct nov déc
2013: jan fév mar avr mai jui jui aoû sep oct nov déc

Report for 2017 janvier
                   Monthly Climatological Summary for janv. 2017

Name: Achiet le grand   City: Pas de Calais   State: France
Elevation: 124 m  Lat: N 50° 07' 53"   Lon: E 002° 47' 00"

                  Temperature (°C), Rain (mm), Wind Speed (km/h)

                                      Heat  Cool        Avg
    Mean                              Deg   Deg         Wind                 Dom
Day Temp  High   Time   Low    Time   Days  Days  Rain  Speed High   Time    Dir
----------------------------------------------------------------------------------
 1  -2,7  -0,5   23:59  -4,5   03:50  21,1   0,0   0,0   0,5   8,0   07:20   SSE
 2   1,2   4,3   14:30  -0,6   00:05  17,2   0,0   0,2   0,1  11,3   18:30   WNW
 3  -0,1   3,1   15:05  -3,3   07:55  18,4   0,0   0,0   0,2  14,5   20:30    SW
 4   3,7   6,4   13:50   1,3   00:05  14,7   0,0   0,6   4,8  25,7   15:45    NW
 5   2,5   6,6   14:15  -1,5   23:25  15,8   0,0   0,6   1,3  20,9   04:00   ENE
 6  -1,8   0,8   13:35  -3,3   08:50  20,1   0,0   0,0   0,3  11,3   23:25   SSW
 7  -0,8   5,2   23:59  -3,3   00:50  19,2   0,0   0,4   1,6  19,3   11:30    NW
 8   4,6   6,0   14:40   2,8   07:30  13,8   0,0   1,8   0,0  12,9   01:35   SSE
 9   4,8   6,3   20:00   3,2   07:35  13,5   0,0   3,2   1,5  20,9   23:05    SW
10   4,3   6,4   15:30   1,8   07:00  14,0   0,0   0,6   0,3  22,5   00:45    SW
11   6,5  10,3   14:00   3,6   03:20  11,8   0,0   0,8   1,9  27,4   12:45   WNW
12   4,5   6,1   20:45   0,7   23:00  13,9   0,0  11,2   3,6  54,7   23:20    NW
13   2,2   3,8   19:05   0,8   08:10  16,1   0,0   2,6   9,5  45,1   00:05    NW
14   1,6   4,3   14:20  -0,3   08:50  16,8   0,0   0,2   5,4  27,4   00:05    NW
15   1,1   2,4   12:00   0,3   18:05  17,2   0,0   1,6   1,2  20,9   02:20    SE
16   0,4   2,1   15:55  -1,6   20:55  17,9   0,0   0,2   0,0  12,9   21:30   NNE
17  -2,6  -0,7   14:05  -3,8   23:40  20,9   0,0   0,0   0,5  14,5   03:20    NE
18  -3,1   0,4   15:15  -5,2   07:30  21,4   0,0   0,2   0,8  16,1   16:00   NNE
19  -2,4   1,4   15:05  -4,9   06:40  20,8   0,0   0,2   0,4  14,5   07:55   NNE
20  -2,1   2,6   15:10  -5,4   08:55  20,4   0,0   0,0   0,1   9,7   05:30   ENE
21  -2,5   1,1   15:10  -6,3   09:00  20,8   0,0   0,0   0,3  11,3   00:45    SE
22  -2,3   3,7   15:15  -6,5   07:30  20,6   0,0   0,0   0,1   8,0   13:55   NNE
23  -1,7  -0,6   13:55  -2,9   03:35  20,1   0,0   0,2   0,0  11,3   06:00    NW
24  -0,8   1,3   13:40  -2,6   00:05  19,1   0,0   0,0   0,0   3,2   09:00     S
25  -1,8  -1,1   05:20  -3,7   23:05  20,2   0,0   0,0   0,5  14,5   18:05    SE
26  -2,7   1,1   15:35  -5,7   07:45  21,1   0,0   0,0   2,6  20,9   06:50   SSE
27   1,2   5,6   18:55  -3,7   01:25  17,1   0,0   0,4   2,3  22,5   07:10    SE
28   4,7   7,9   13:00   2,1   22:55  13,7   0,0   0,0   1,3  24,1   08:50   SSW
29   3,4   5,3   23:45   1,5   06:10  14,9   0,0  11,2   2,3  35,4   23:50     S
30   6,2   8,9   14:55   4,8   23:15  12,2   0,0   3,8   0,9  32,2   00:20   NNE
31   4,8   6,6   22:55   3,3   09:05  13,5   0,0   1,0   0,6  14,5   09:30   SSE
----------------------------------------------------------------------------------
     1,0  10,3    11    -6,5    22   538,3   0,0  41,0   1,5  54,7    12     WNW

Max >=  27,0:  0
Max <=   0,0:  4
Min <=   0,0: 19
Min <= -18,0:  0
Max Rain: 11,2 on day 12
Days of Rain: 20 (>= 0,2 mm)  5 (>= 2,0 mm)  0 (>= 20,0 mm)
Heat Base: 18,3  Cool Base: 18,3  Method: Integration