NOAA-Style Climate Reports


Select a Year or Month report
2019: jan fév mar avr mai jui jui aoû sep oct nov déc
2018: jan fév mar avr mai jui jui aoû sep oct nov déc
2017: jan fév mar avr mai jui jui aoû sep oct nov déc
2016: jan fév mar avr mai jui jui aoû sep oct nov déc
2015: jan fév mar avr mai jui jui aoû sep oct nov déc
2014: jan fév mar avr mai jui jui aoû sep oct nov déc
2013: jan fév mar avr mai jui jui aoû sep oct nov déc

Report for 2014 août
                   Monthly Climatological Summary for août 2014

Name: Achiet le grand   City: Pas de Calais   State: France
Elevation: 124 m  Lat: N 50° 07' 53"   Lon: E 002° 47' 00"

                  Temperature (°C), Rain (mm), Wind Speed (km/h)

                                      Heat  Cool        Avg
    Mean                              Deg   Deg         Wind                 Dom
Day Temp  High   Time   Low    Time   Days  Days  Rain  Speed High   Time    Dir
----------------------------------------------------------------------------------
 1  19,9  27,6   18:20  13,1   06:25   1,6   3,2   0,0   0,5  19,3   12:50   ENE
 2  19,4  25,6   16:15  15,6   23:40   0,6   1,7   4,0   3,0  29,0   17:15   SSE
 3  17,3  22,7   14:05  12,8   07:00   1,8   0,8   4,2   0,9  16,1   18:35    NW
 4  17,2  23,4   15:45  12,3   03:20   2,2   1,1   0,0   1,1  16,1   18:15   WNW
 5  17,7  24,8   18:25   9,6   05:50   2,7   2,1   0,2   0,7  14,5   13:45   SSE
 6  16,9  20,7   19:20  14,4   23:59   1,7   0,2   6,8   2,7  29,0   13:50     S
 7  18,8  24,8   19:20  13,3   06:45   1,6   2,1   0,2   1,0  12,9   10:45   SSE
 8  18,6  20,9   14:30  17,1   05:30   0,3   0,6   5,4   1,6  24,1   15:25   SSE
 9  18,3  22,4   16:45  14,0   06:35   1,1   1,0   3,6   4,8  30,6   03:45   SSE
10  17,7  21,6   16:55  14,3   23:55   1,2   0,5   6,8   6,2  38,6   16:50   SSW
11  15,1  20,7   13:40  11,6   06:25   3,4   0,2   3,8   4,3  29,0   13:45   SSW
12  14,7  19,2   18:15  11,5   07:05   3,6   0,1  14,2   3,3  32,2   13:30   SSE
13  15,1  19,4   18:20  11,5   07:05   3,3   0,1   2,6   3,3  29,0   17:15    SW
14  14,7  19,3   13:35  12,2   06:20   3,7   0,0   3,6   3,0  22,5   14:45    SW
15  13,7  18,2   13:00  10,8   05:15   4,6   0,0   6,2   2,9  20,9   12:35    NW
16  15,0  20,9   16:10  10,1   05:35   3,7   0,3   0,4   2,7  25,7   17:10    SW
17  13,4  17,6   16:20  10,7   04:10   4,9   0,0   4,6   5,2  29,0   14:15   WSW
18  14,5  18,4   15:15  10,8   23:55   3,8   0,0   0,4   4,2  29,0   13:45    SW
19  13,0  17,2   18:05   9,3   23:59   5,3   0,0   2,2   3,1  25,7   17:05   SSW
20  12,0  17,6   17:25   7,2   07:10   6,3   0,0   0,2   1,3  22,5   15:25    NW
21  12,9  18,4   14:20   8,5   01:00   5,4   0,0   0,0   2,7  22,5   15:50     S
22  12,7  17,3   14:05   8,9   06:50   5,7   0,0   2,2   2,8  27,4   13:10   SSW
23  12,9  18,1   16:05   9,6   23:59   5,4   0,0   0,4   2,7  24,1   14:25   SSW
24  13,7  20,6   16:40   7,9   07:30   4,8   0,1   0,2   1,1  16,1   12:00    NW
25  13,2  15,6   14:35  10,1   05:20   5,2   0,0  16,8   3,8  27,4   18:50   WSW
26  15,9  20,6   17:25  13,4   05:30   2,6   0,2   1,2   2,9  22,5   15:55    SW
27  16,1  20,8   15:35  13,4   06:15   2,6   0,3   0,2   1,1  14,5   05:10   SSE
28  16,7  19,8   18:00  13,8   23:40   1,9   0,2   3,0   3,0  19,3   06:30   SSE
29  16,8  21,9   16:30  13,8   00:05   2,0   0,5   0,0   2,4  24,1   15:35   SSW
30  15,2  18,1   15:05  13,4   23:55   3,1   0,0   3,2   3,5  25,7   16:35    SW
31  15,6  20,6   17:05  12,6   07:25   3,0   0,2   0,0   3,1  27,4   14:30    NW
----------------------------------------------------------------------------------
    15,6  27,6     1     7,2    20    99,1  15,5  96,6   2,7  38,6    10     SSW

Max >=  27,0:  1
Max <=   0,0:  0
Min <=   0,0:  0
Min <= -18,0:  0
Max Rain: 16,8 on day 25
Days of Rain: 26 (>= 0,2 mm)  17 (>= 2,0 mm)  0 (>= 20,0 mm)
Heat Base: 18,3  Cool Base: 18,3  Method: Integration