NOAA-Style Climate Reports


Select a Year or Month report
2019: jan fév mar avr mai jui jui aoû sep oct nov déc
2018: jan fév mar avr mai jui jui aoû sep oct nov déc
2017: jan fév mar avr mai jui jui aoû sep oct nov déc
2016: jan fév mar avr mai jui jui aoû sep oct nov déc
2015: jan fév mar avr mai jui jui aoû sep oct nov déc
2014: jan fév mar avr mai jui jui aoû sep oct nov déc
2013: jan fév mar avr mai jui jui aoû sep oct nov déc

Report for 2014 mai
                   Monthly Climatological Summary for mai 2014

Name: Achiet le grand   City: Pas de Calais   State: France
Elevation: 124 m  Lat: N 50° 07' 53"   Lon: E 002° 47' 00"

                  Temperature (°C), Rain (mm), Wind Speed (km/h)

                                      Heat  Cool        Avg
    Mean                              Deg   Deg         Wind                 Dom
Day Temp  High   Time   Low    Time   Days  Days  Rain  Speed High   Time    Dir
----------------------------------------------------------------------------------
 1  11,7  17,7   12:10   7,7   02:50   6,7   0,0   6,6   1,9  22,5   14:10    NW
 2  11,1  15,2   14:00   6,8   23:55   7,2   0,0   0,2   5,9  27,4   13:40    NE
 3   8,9  13,8   15:05   4,2   06:05   9,4   0,0   0,0   4,9  24,1   11:35    NE
 4   9,4  16,4   18:25   2,6   06:15   8,9   0,0   0,0   0,8  11,3   14:00   ENE
 5  12,9  20,9   18:10   4,1   06:45   5,8   0,4   0,0   2,5  20,9   16:10   SSE
 6  13,6  18,5   12:35  11,4   06:40   4,8   0,0   8,6   3,5  22,5   15:25    SW
 7  11,8  16,1   16:20   7,9   04:05   6,5   0,0   0,0   6,4  38,6   16:50    SW
 8  10,9  13,1   21:35   8,3   02:40   7,4   0,0  12,2   6,5  45,1   22:15   WSW
 9  12,3  15,6   16:25   8,3   23:55   6,1   0,0   0,6   7,3  40,2   18:05    SW
10  11,0  15,1   18:25   8,2   00:15   7,3   0,0   8,0   6,7  41,8   19:50    SW
11  10,1  13,8   15:05   7,2   05:30   8,2   0,0   2,8   9,3  48,3   16:05    SW
12  10,1  15,1   17:05   6,3   06:30   8,3   0,0   0,8   5,8  33,8   11:10    SW
13   9,7  15,1   14:15   6,6   06:05   8,6   0,0   3,8   2,9  27,4   11:55   WNW
14  10,4  17,6   16:05   3,9   05:25   7,9   0,0   0,2   3,6  30,6   17:45   NNW
15  10,4  16,7   17:15   3,9   06:10   7,9   0,0   0,0   2,7  17,7   13:30    NE
16  12,1  18,8   17:15   5,1   06:15   6,2   0,0   0,0   3,3  22,5   16:45    NE
17  14,6  21,7   16:40   7,4   05:40   4,4   0,6   0,0   2,1  19,3   14:00    NE
18  16,8  24,8   17:25   9,1   05:30   3,3   1,7   0,0   0,8  12,9   12:20   SSE
19  18,8  26,2   16:15  11,5   04:30   2,0   2,4   0,0   1,8  22,5   17:30   SSE
20  16,6  22,6   12:15  12,7   23:45   2,4   0,6  16,0   3,2  25,7   15:10     S
21  13,9  16,2   20:40  12,0   06:20   4,4   0,0  10,2   1,9  32,2   23:55     S
22  14,8  19,4   18:45  10,6   06:25   3,6   0,1   1,2   6,4  30,6   14:55   SSE
23  13,8  18,8   18:25   9,1   05:45   4,5   0,0   0,2   3,8  29,0   15:50     S
24  12,2  15,1   17:25  10,4   06:30   6,2   0,0   6,0   5,3  33,8   14:55     S
25  13,8  20,9   17:35   7,4   06:00   4,7   0,2   0,2   1,9  19,3   11:45   NNE
26  13,3  16,3   12:15  11,3   04:55   5,0   0,0   5,2   2,7  25,7   18:45    NW
27  13,0  14,9   14:00  11,9   23:50   5,3   0,0   0,2   4,1  25,7   16:55    SW
28  12,0  13,3   16:15  11,3   04:50   6,3   0,0   0,0   2,4  17,7   00:55   SSW
29  13,9  17,9   16:00  11,2   05:25   4,4   0,0   0,0   0,4  11,3   10:35    SW
30  14,3  18,8   15:55  11,2   06:35   4,1   0,0   0,0   2,0  17,7   16:05   NNE
31  13,6  19,4   15:20   8,2   06:10   4,8   0,1   0,0   2,2  19,3   18:25   NNW
----------------------------------------------------------------------------------
    12,6  26,2    19     2,6     4   182,6   6,1  83,0   3,7  48,3    11      SW

Max >=  27,0:  0
Max <=   0,0:  0
Min <=   0,0:  0
Min <= -18,0:  0
Max Rain: 16,0 on day 20
Days of Rain: 18 (>= 0,2 mm)  10 (>= 2,0 mm)  0 (>= 20,0 mm)
Heat Base: 18,3  Cool Base: 18,3  Method: Integration