NOAA-Style Climate Reports


Select a Year or Month report
2019: jan fév mar avr mai jui jui aoû sep oct nov déc
2018: jan fév mar avr mai jui jui aoû sep oct nov déc
2017: jan fév mar avr mai jui jui aoû sep oct nov déc
2016: jan fév mar avr mai jui jui aoû sep oct nov déc
2015: jan fév mar avr mai jui jui aoû sep oct nov déc
2014: jan fév mar avr mai jui jui aoû sep oct nov déc
2013: jan fév mar avr mai jui jui aoû sep oct nov déc

Report for 2014 mars
                   Monthly Climatological Summary for mars 2014

Name: Achiet le grand   City: Pas de Calais   State: France
Elevation: 124 m  Lat: N 50° 07' 53"   Lon: E 002° 47' 00"

                  Temperature (°C), Rain (mm), Wind Speed (km/h)

                                      Heat  Cool        Avg
    Mean                              Deg   Deg         Wind                 Dom
Day Temp  High   Time   Low    Time   Days  Days  Rain  Speed High   Time    Dir
----------------------------------------------------------------------------------
 1   4,0   7,2   17:00   0,9   23:35  14,3   0,0   3,0   2,2  20,9   16:55    SW
 2   3,9   9,1   14:25  -0,7   04:15  14,4   0,0   0,4   5,8  32,2   21:25    SE
 3   5,3   8,6   13:40   3,1   23:59  13,0   0,0   7,8   6,3  38,6   16:40   SSW
 4   5,0  10,5   16:05   1,7   01:25  13,3   0,0   0,2   1,6  20,9   16:25   SSW
 5   6,3  12,6   16:50   1,3   08:00  12,1   0,0   0,2   0,5  12,9   15:35    NW
 6   6,2  13,0   15:05  -0,1   06:30  12,1   0,0   0,0   1,4  17,7   13:35   SSE
 7   7,4  13,1   16:35   2,1   07:45  10,9   0,0   0,2   1,1  22,5   18:40   NNE
 8  10,6  16,7   16:25   5,6   08:15   7,8   0,0   0,0   2,8  24,1   10:25   SSE
 9  11,4  19,3   15:30   5,1   07:35   6,9   0,1   0,0   4,5  20,9   05:35   SSW
10   9,9  17,6   14:50   3,1   07:00   8,4   0,0   0,0   3,5  27,4   20:10    NE
11   8,5  12,2   16:05   6,7   02:50   9,8   0,0   0,0   7,9  27,4   00:40    NE
12   7,4  14,1   18:15   3,5   07:15   6,1   0,0   0,2   1,5  11,3   20:05   NNE
13   9,5  16,5   16:10   4,2   07:25   8,8   0,0   0,2   1,0  12,9   14:25   NNE
14   7,4  17,5   15:45   2,3   04:55  10,9   0,0   0,2   1,8  22,5   23:45     W
15   9,1  11,9   16:35   6,4   00:05   9,2   0,0   0,0   6,9  29,0   02:00   WNW
16   9,9  14,9   16:00   6,3   07:25   8,4   0,0   0,0   4,3  27,4   15:25     W
17   8,9  10,4   11:25   7,6   00:05   9,4   0,0   0,0   2,3  22,5   00:30   WSW
18   8,6  10,2   16:25   7,3   06:55   9,8   0,0   0,0   5,2  30,6   16:10     W
19   9,5  15,2   15:05   5,2   06:35   8,8   0,0   0,0   3,5  24,1   16:30     S
20  11,7  19,4   15:55   5,3   04:55   6,7   0,1   0,2   5,3  32,2   14:10    SW
21   8,7  11,7   16:00   4,9   22:30   9,7   0,0   8,6   4,9  43,5   09:35     S
22   5,9  10,6   16:15   3,2   22:00  12,4   0,0   2,8   4,6  48,3   13:35   SSW
23   4,6   8,8   12:45   2,2   03:25  13,7   0,0   5,2   4,0  30,6   13:50    NW
24   6,2  11,4   15:00   1,8   07:20  12,1   0,0   0,2   1,6  17,7   03:55    SE
25   5,4   9,0   14:55   1,9   06:10  12,9   0,0   0,0   2,2  17,7   07:45   NNE
26   5,0  10,8   13:35   1,7   05:35  13,3   0,0   0,2   2,3  22,5   14:00   NNW
27   5,4  12,3   15:55  -0,2   07:00  12,9   0,0   0,2   0,5  14,5   16:10   ENE
28   7,9  14,8   16:55   0,3   06:20  10,4   0,0   0,0   1,2  17,7   11:45   ESE
29  12,3  19,7   16:00   4,1   05:20   6,2   0,1   0,0   2,5  25,7   16:20    SE
30  13,2  19,2   14:15   5,2   07:50   4,9   0,1   0,0   1,2  14,5   13:20     S
31  13,9  20,8   14:15   7,5   07:20   4,7   0,3   0,0   1,1  14,5   13:00     S
----------------------------------------------------------------------------------
     8,0  20,8    31    -0,7     2   314,3   0,7  29,8   3,1  48,3    22      SW

Max >=  27,0:  0
Max <=   0,0:  0
Min <=   0,0:  3
Min <= -18,0:  0
Max Rain: 8,6 on day 21
Days of Rain: 16 (>= 0,2 mm)  5 (>= 2,0 mm)  0 (>= 20,0 mm)
Heat Base: 18,3  Cool Base: 18,3  Method: Integration